{"id":4790,"date":"2020-01-16T12:37:37","date_gmt":"2020-01-16T11:37:37","guid":{"rendered":"https:\/\/procomp.ba\/blog\/?page_id=4790"},"modified":"2020-01-27T10:11:18","modified_gmt":"2020-01-27T09:11:18","slug":"servis-laptopa","status":"publish","type":"page","link":"https:\/\/procomp.ba\/blog\/servis-laptopa\/","title":{"rendered":"Servis laptopa u ProComp servisu"},"content":{"rendered":"\n<figure class=\"wp-block-image size-large\"><img loading=\"lazy\" decoding=\"async\" width=\"1024\" height=\"575\" src=\"https:\/\/procomp.ba\/blog\/wp-content\/uploads\/2020\/01\/servis-laptopa-1-1024x575.jpg\" alt=\"servis laptopa\" class=\"wp-image-5018\" srcset=\"https:\/\/procomp.ba\/blog\/wp-content\/uploads\/2020\/01\/servis-laptopa-1-1024x575.jpg 1024w, https:\/\/procomp.ba\/blog\/wp-content\/uploads\/2020\/01\/servis-laptopa-1-300x169.jpg 300w, https:\/\/procomp.ba\/blog\/wp-content\/uploads\/2020\/01\/servis-laptopa-1-768x431.jpg 768w, https:\/\/procomp.ba\/blog\/wp-content\/uploads\/2020\/01\/servis-laptopa-1-696x391.jpg 696w, https:\/\/procomp.ba\/blog\/wp-content\/uploads\/2020\/01\/servis-laptopa-1-1068x600.jpg 1068w, https:\/\/procomp.ba\/blog\/wp-content\/uploads\/2020\/01\/servis-laptopa-1-748x420.jpg 748w, https:\/\/procomp.ba\/blog\/wp-content\/uploads\/2020\/01\/servis-laptopa-1.jpg 1200w\" sizes=\"auto, (max-width: 1024px) 100vw, 1024px\" \/><\/figure>\n\n\n\n<h2 class=\"wp-block-heading\">Zamjena ekrana na laptopu<\/h2>\n\n\n\n<p><strong>Servis laptopa<\/strong> je \u010desta pojava u na\u0161em <strong>ProComp<\/strong> servisu. Ekran laptopa je pored hard diska najosjetljiviji dio laptopa. Vrlo \u010desto korisnici o\u0161tete ekran nepa\u017eljivim rukovanjem ili direktnim padom laptopa na tvrdu podlogu. Tada je potrebna zamjena ekrana. Veliki izbor ekrana na na\u0161em lageru je garancija brze popravke i zamjene o\u0161te\u0107enog ekrana. Tokom popravke, ne napla\u0107uje se usluga zamjene ekrana ako je kupljen u na\u0161em servisu. <\/p>\n\n\n\n<figure class=\"wp-block-image size-large\"><img loading=\"lazy\" decoding=\"async\" width=\"1024\" height=\"576\" src=\"https:\/\/procomp.ba\/blog\/wp-content\/uploads\/2020\/01\/maxresdefault-1024x576.jpg\" alt=\"\" class=\"wp-image-5004\" srcset=\"https:\/\/procomp.ba\/blog\/wp-content\/uploads\/2020\/01\/maxresdefault-1024x576.jpg 1024w, https:\/\/procomp.ba\/blog\/wp-content\/uploads\/2020\/01\/maxresdefault-300x169.jpg 300w, https:\/\/procomp.ba\/blog\/wp-content\/uploads\/2020\/01\/maxresdefault-768x432.jpg 768w, https:\/\/procomp.ba\/blog\/wp-content\/uploads\/2020\/01\/maxresdefault-696x392.jpg 696w, https:\/\/procomp.ba\/blog\/wp-content\/uploads\/2020\/01\/maxresdefault-1068x601.jpg 1068w, https:\/\/procomp.ba\/blog\/wp-content\/uploads\/2020\/01\/maxresdefault-747x420.jpg 747w, https:\/\/procomp.ba\/blog\/wp-content\/uploads\/2020\/01\/maxresdefault.jpg 1280w\" sizes=\"auto, (max-width: 1024px) 100vw, 1024px\" \/><figcaption>Servis laptopa uklju\u010duje zamjenu ekrana.<\/figcaption><\/figure>\n\n\n\n<p>Osim direktnih o\u0161te\u0107enja, ekran laptopa mo\u017ee da bude kvaran u smislu nestabilne slike, ekran se pali\/gasi itd. Budu\u0107i da na lageru imamo i velik izbor elektronskih dijelova, i ove kvarove uspje\u0161no rje\u0161avamo. <\/p>\n\n\n\n<h2 class=\"wp-block-heading\">Popravka mati\u010dne plo\u010de <\/h2>\n\n\n\n<p>Dugotrajnim neprekidnim kori\u0161tenjem laptopa u poslu, vrlo \u010desto strada mati\u010dna plo\u010da. To se de\u0161ava zbog velike toplote i pregrijavanja koje sam laptop proizvodi. Neki od pokazatelja kvara na mati\u010dnoj plo\u010di su: laptop ne pokazuje nikakve znake prilikom paljenja, USB portovi ne rade, iznenadni &#8220;plavi ekran&#8221; itd. Tada se pristupa eventualnoj popravci ili zamjeni mati\u010dne plo\u010de. <\/p>\n\n\n\n<p>Rje\u0161enja problema zavisi od vrste kvara, pa se rade odre\u0111ene zamjene komponenti: zamjena podno\u017eja memorije, zamjena podno\u017eja procesora (CPU socket), zamjena \u010dipova ili naponskih kontrolera. <\/p>\n\n\n\n<figure class=\"wp-block-image size-large\"><img loading=\"lazy\" decoding=\"async\" width=\"800\" height=\"533\" src=\"https:\/\/procomp.ba\/blog\/wp-content\/uploads\/2020\/01\/hp-laptop-motherboard.jpg\" alt=\"\" class=\"wp-image-5005\" srcset=\"https:\/\/procomp.ba\/blog\/wp-content\/uploads\/2020\/01\/hp-laptop-motherboard.jpg 800w, https:\/\/procomp.ba\/blog\/wp-content\/uploads\/2020\/01\/hp-laptop-motherboard-300x200.jpg 300w, https:\/\/procomp.ba\/blog\/wp-content\/uploads\/2020\/01\/hp-laptop-motherboard-768x512.jpg 768w, https:\/\/procomp.ba\/blog\/wp-content\/uploads\/2020\/01\/hp-laptop-motherboard-696x464.jpg 696w, https:\/\/procomp.ba\/blog\/wp-content\/uploads\/2020\/01\/hp-laptop-motherboard-630x420.jpg 630w\" sizes=\"auto, (max-width: 800px) 100vw, 800px\" \/><figcaption>Servis laptopa se vr\u0161i kada ne radi mati\u010dna plo\u010da zbog raznih o\u0161te\u0107enja.<\/figcaption><\/figure>\n\n\n\n<p>Korisnici vrlo \u010desto dolaze sa kvarovima prourokovanih prosutom vodom, kafom ili sokom. To je jako ozbiljan kvar koji tra\u017ei intervenciju profesionalnih servisa. Kada vam se to dogodi, \u0161to prije izvadite bateriju iz laptopa (kako ne bi do\u0161lo do kratkog spoja) i \u0161to prije prona\u0111ite stru\u010dan servis koji \u0107e vam rije\u0161iti ovu neugodnost. Intervencijom na laptopu u ultrazvu\u010dnoj kadi va\u0161 laptop \u0107e nastaviti stabilan i ispravan rad. <\/p>\n\n\n\n<h2 class=\"wp-block-heading\">Servis laptopa obuhvata i zamjenu tastature <\/h2>\n\n\n\n<p>Kada imate problema sa tastaturom na laptopu, uvijek se jave velike frustracije. Tastatura se naj\u010de\u0161\u0107e kvari mehani\u010dkim o\u0161te\u0107ivanjem, prolijevanjem vode preko tastature, ali i intenzivnim kori\u0161tenjem laptopa pa dolazi do istro\u0161enosti same tastature. Tada se pojavi \u010dudno pona\u0161anje tastature u smislu da se slova sama ispisuju na ekranu, neki tasteri ne rade ili kompletna tastatura otkazuje. <\/p>\n\n\n\n<figure class=\"wp-block-image size-large\"><img loading=\"lazy\" decoding=\"async\" width=\"1024\" height=\"768\" src=\"https:\/\/procomp.ba\/blog\/wp-content\/uploads\/2020\/01\/laptop-keyboard-repair-square-picture-1024x768.jpg\" alt=\"\" class=\"wp-image-5006\" srcset=\"https:\/\/procomp.ba\/blog\/wp-content\/uploads\/2020\/01\/laptop-keyboard-repair-square-picture-1024x768.jpg 1024w, https:\/\/procomp.ba\/blog\/wp-content\/uploads\/2020\/01\/laptop-keyboard-repair-square-picture-300x225.jpg 300w, https:\/\/procomp.ba\/blog\/wp-content\/uploads\/2020\/01\/laptop-keyboard-repair-square-picture-768x576.jpg 768w, https:\/\/procomp.ba\/blog\/wp-content\/uploads\/2020\/01\/laptop-keyboard-repair-square-picture-80x60.jpg 80w, https:\/\/procomp.ba\/blog\/wp-content\/uploads\/2020\/01\/laptop-keyboard-repair-square-picture-265x198.jpg 265w, https:\/\/procomp.ba\/blog\/wp-content\/uploads\/2020\/01\/laptop-keyboard-repair-square-picture-696x522.jpg 696w, https:\/\/procomp.ba\/blog\/wp-content\/uploads\/2020\/01\/laptop-keyboard-repair-square-picture-1068x801.jpg 1068w, https:\/\/procomp.ba\/blog\/wp-content\/uploads\/2020\/01\/laptop-keyboard-repair-square-picture-560x420.jpg 560w, https:\/\/procomp.ba\/blog\/wp-content\/uploads\/2020\/01\/laptop-keyboard-repair-square-picture.jpg 1134w\" sizes=\"auto, (max-width: 1024px) 100vw, 1024px\" \/><figcaption>Zamjena tastature mo\u017ee biti kompletna ili pojedina\u010dna, tj. da se mijenja samo pojedina\u010dni taster.<\/figcaption><\/figure>\n\n\n\n<p>Kada je voda prolivena po tastaturi u ve\u0107ini slu\u010dajeva je potrebna kompletna zamjena tastature. Nije mogu\u0107e adekvatno isu\u0161iti vodu koja se podvlaci pod foliju tastature i onemogu\u0107ava su\u0161enje. Zamjena tastature nije komplikovana i to se brzo zavr\u0161ava, a jedino u slu\u010daju da na lageru nemamo istu tastaturu tada je potrebno vrijeme da poru\u010dena tastatura stigne do servisa. Pojedina\u010dni o\u0161te\u0107eni tasteri se mijenjaju na licu mjesta.<\/p>\n\n\n\n<h2 class=\"wp-block-heading\">Zamjena hard diska<\/h2>\n\n\n\n<p>Hard diskovi se naj\u010de\u0161\u0107e o\u0161tete prilikom pada laptopa. Nakon ove neugodnosti hard disk prestaje sa radom i potrebna je zamjena. U tom slu\u010daju se hard disk mjenja jako brzo i nakon instalacije kupljenog operativnog sistema laptop se isporu\u010duje kupcu. Na\u017ealost, zbog fizi\u010dkog o\u0161te\u0107enja ne mogu se o\u010ditati podaci sa hard diskova i ne mogu se sa\u010duvati uobi\u010dajenim postupcima. <\/p>\n\n\n\n<p>Naravno da se opet poku\u0161ava povrat bitnih podataka, ali ne postoji garancija za uspjeh te radnje. Osim svega navedenog, vr\u0161imo ugradnju i zamjenu SSD medija za pohranu i time se osjetno ubrzava rad sistema i laptopa u cjelini. Svi ovi hard diskovi su provjereni prije isporuke kupcu. <\/p>\n\n\n\n<h2 class=\"wp-block-heading\">Servis laptopa i popravka \u0161arki na laptopu<\/h2>\n\n\n\n<p>Iako izgleda bezazleno, polomljena ili napuknuta \u0161arka vam mo\u017ee praviti jako mnogo problema. Konstantno otvaranje i zatvaranje laptopa sa polomljenom \u0161arkom,, dovodi do pucanja plastike ekrana i o\u0161te\u0107enja ekrana. Ako vam se desi ovaj problem na laptopu, jedini na\u010din rje\u0161enja je zamjena polomljenog dijela. <\/p>\n\n\n\n<p>Po\u0161to na lageru posjedujemo velik broj raznih modela \u0161arki, ovaj kvar se vrlo brzo rje\u0161ava. Zbog ozbiljnosti ovog fizi\u010dkog o\u0161te\u0107enja, jako je bitno \u0161to prije laptop predati iskusnim serviserima na opravak.<\/p>\n\n\n\n<h2 class=\"wp-block-heading\">Popravka laptop punja\u010da i konektora<\/h2>\n\n\n\n<p>Prilikom dugotrajnog rada, \u010desti problemi su vezani za konektore punja\u010da i sam punja\u010d. Vremenom se konektori zbog u\u010destalog priklju\u010divanja tro\u0161e, habaju i kvare. Pojave se problemi da se baterija puni, pa ne puni i sl. i u tim trenutcima se mo\u017eete osloniti na jak tim servisera da vam to rije\u0161e.<\/p>\n\n\n\n<figure class=\"wp-block-image size-large\"><img loading=\"lazy\" decoding=\"async\" width=\"1024\" height=\"576\" src=\"https:\/\/procomp.ba\/blog\/wp-content\/uploads\/2020\/01\/maxresdefault-1-1024x576.jpg\" alt=\"\" class=\"wp-image-5008\" srcset=\"https:\/\/procomp.ba\/blog\/wp-content\/uploads\/2020\/01\/maxresdefault-1-1024x576.jpg 1024w, https:\/\/procomp.ba\/blog\/wp-content\/uploads\/2020\/01\/maxresdefault-1-300x169.jpg 300w, https:\/\/procomp.ba\/blog\/wp-content\/uploads\/2020\/01\/maxresdefault-1-768x432.jpg 768w, https:\/\/procomp.ba\/blog\/wp-content\/uploads\/2020\/01\/maxresdefault-1-696x392.jpg 696w, https:\/\/procomp.ba\/blog\/wp-content\/uploads\/2020\/01\/maxresdefault-1-1068x601.jpg 1068w, https:\/\/procomp.ba\/blog\/wp-content\/uploads\/2020\/01\/maxresdefault-1-747x420.jpg 747w, https:\/\/procomp.ba\/blog\/wp-content\/uploads\/2020\/01\/maxresdefault-1.jpg 1280w\" sizes=\"auto, (max-width: 1024px) 100vw, 1024px\" \/><figcaption>Popravka punja\u010da za laptop obavlja se na\u0161em servisu brzo i ekikasno.<\/figcaption><\/figure>\n\n\n\n<p>Adapter za laptop mora uvek biti 100% ispravan i to daje garanciju dugotrajnog mirnog rada. Popravak ili zamjena laptop punja\u010da se u na\u0161em servisu uspje\u0161no rje\u0161ava, a veliki raznovrsni modeli koji su nam dostupni, donose sigurnost da vi\u0161e ne\u0107ete imati te probleme. Da bi produ\u017eili vijek trajanja svog punja\u010da poku\u0161ajte da ga uvijek smjestite na neku ravnu i tvrdu povr\u0161inu. <\/p>\n\n\n\n<h2 class=\"wp-block-heading\">Servis laptopa uklju\u010duje \u010di\u0161\u0107enje laptopa od pra\u0161ine <\/h2>\n\n\n\n<p>Ovo je jako bitna radnja na koju mnogi korisnici na\u017ealost ne obra\u0107aju pa\u017enju, dok ne do\u0111e do kvara nekog dijela lalptopa. \u010ci\u0161\u0107enje laptopa bi trebalo da se radi barem jednom godi\u0161nje, a ne samo u slu\u010daju kada krene ne\u0161to lo\u0161e. To je prevencija da ne bi do\u0161lo do ozbiljnijih kvarova. \u010cisti ventilatori i kuleri va\u0161eg laptopa garantovati \u0107e siguran i stabilan rad u cjelini. <\/p>\n\n\n\n<figure class=\"wp-block-image size-large\"><img loading=\"lazy\" decoding=\"async\" width=\"1024\" height=\"640\" src=\"https:\/\/procomp.ba\/blog\/wp-content\/uploads\/2020\/01\/\u010di\u0161\u0107enje-laptopa-1024x640.jpeg\" alt=\"\" class=\"wp-image-5009\" srcset=\"https:\/\/procomp.ba\/blog\/wp-content\/uploads\/2020\/01\/\u010di\u0161\u0107enje-laptopa-1024x640.jpeg 1024w, https:\/\/procomp.ba\/blog\/wp-content\/uploads\/2020\/01\/\u010di\u0161\u0107enje-laptopa-300x188.jpeg 300w, https:\/\/procomp.ba\/blog\/wp-content\/uploads\/2020\/01\/\u010di\u0161\u0107enje-laptopa-768x480.jpeg 768w, https:\/\/procomp.ba\/blog\/wp-content\/uploads\/2020\/01\/\u010di\u0161\u0107enje-laptopa-696x435.jpeg 696w, https:\/\/procomp.ba\/blog\/wp-content\/uploads\/2020\/01\/\u010di\u0161\u0107enje-laptopa-1068x668.jpeg 1068w, https:\/\/procomp.ba\/blog\/wp-content\/uploads\/2020\/01\/\u010di\u0161\u0107enje-laptopa-672x420.jpeg 672w, https:\/\/procomp.ba\/blog\/wp-content\/uploads\/2020\/01\/\u010di\u0161\u0107enje-laptopa.jpeg 1280w\" sizes=\"auto, (max-width: 1024px) 100vw, 1024px\" \/><figcaption>Pra\u0161ina u laptopu mo\u017ee ote\u017eavati njegov rad.<\/figcaption><\/figure>\n\n\n\n<p>U na\u0161em servisu ovo se radi izuzetno efikasno. Redovno \u010di\u0161\u0107enje podrazumjeva da treba da uradite i izmjenu termalne paste i time va\u0161 laptop u\u010dinite &#8220;kao novim&#8221;.<\/p>\n\n\n\n<h2 class=\"wp-block-heading\">Instalacija operativnog sistema i \u010di\u0161\u0107enje virusa<\/h2>\n\n\n\n<p>Osim otklanjanja pokvarenih dijelova laptopa, kupovina operativnih sistema i reinstalacije ve\u0107 postoje\u0107eg operativnog sistema je ne\u0161to \u0161to se naj\u010de\u0161\u0107e radi u servisu. Korisnici jako \u010desto imaju problema sa operativnim sistemima prije svega nestru\u010dnim kori\u0161tenjem laptopa, ali i zbog \u010destih napada virusa. Virus, spyware, ili malware tako\u0111e mogu napraviti zna\u010dajnu \u0161tetu na laptopu ili va\u0161im podacima. <\/p>\n\n\n\n<figure class=\"wp-block-image size-large\"><img loading=\"lazy\" decoding=\"async\" width=\"600\" height=\"450\" src=\"https:\/\/procomp.ba\/blog\/wp-content\/uploads\/2020\/01\/installing-windows.jpg\" alt=\"\" class=\"wp-image-5010\" srcset=\"https:\/\/procomp.ba\/blog\/wp-content\/uploads\/2020\/01\/installing-windows.jpg 600w, https:\/\/procomp.ba\/blog\/wp-content\/uploads\/2020\/01\/installing-windows-300x225.jpg 300w, https:\/\/procomp.ba\/blog\/wp-content\/uploads\/2020\/01\/installing-windows-80x60.jpg 80w, https:\/\/procomp.ba\/blog\/wp-content\/uploads\/2020\/01\/installing-windows-265x198.jpg 265w, https:\/\/procomp.ba\/blog\/wp-content\/uploads\/2020\/01\/installing-windows-560x420.jpg 560w\" sizes=\"auto, (max-width: 600px) 100vw, 600px\" \/><figcaption>Laptop servisa uklju\u010duje i instalaciju operativnog sistema.<\/figcaption><\/figure>\n\n\n\n<p>Kada je laptop zara\u017een virusom on usporava sa radom, a u te\u017eim slu\u010dajevima uni\u0161tava bitne fajlove korisnicima. Instalacija antivirusa u servisu odli\u010dno rje\u0161ava te probleme, a spa\u0161avanje va\u0161ih podataka se u najve\u0107em broju slu\u010dajeva radi uspje\u0161no.  <\/p>\n\n\n\n<h4 class=\"wp-block-heading\">Procomp nudi sljede\u0107e usluge laptop servisa:<\/h4>\n\n\n\n<ul class=\"wp-block-list\"><li>Zamjenu ekrana na laptopu<\/li><li>Zamjenu lampe u ekranu<\/li><li>Popravku mati\u010dnih plo\u010da <\/li><li>Zamjenu hard diska<\/li><li>Zamjenu tastature na laptopu<\/li><li>Popravku \u0161arki laptopa<\/li><li>Popravku punja\u010da<\/li><li>Zamjenu DC konektora<\/li><li>\u010ci\u0161\u0107enje laptopa<\/li><li>Instalaciju i reinstalaciju softvera<\/li><li>\u010ci\u0161\u0107enje virusa <\/li><\/ul>\n","protected":false},"excerpt":{"rendered":"<p>Zamjena ekrana na laptopu Servis laptopa je \u010desta pojava u na\u0161em ProComp servisu. Ekran laptopa je pored hard diska najosjetljiviji dio laptopa. Vrlo \u010desto korisnici o\u0161tete ekran nepa\u017eljivim rukovanjem ili direktnim padom laptopa na tvrdu podlogu. Tada je potrebna zamjena ekrana. Veliki izbor ekrana na na\u0161em lageru je garancija brze popravke i zamjene o\u0161te\u0107enog ekrana. [&hellip;]<\/p>\n","protected":false},"author":1,"featured_media":5018,"parent":0,"menu_order":0,"comment_status":"closed","ping_status":"closed","template":"","meta":{"footnotes":""},"class_list":["post-4790","page","type-page","status-publish","has-post-thumbnail","hentry"],"yoast_head":"<!-- This site is optimized with the Yoast SEO plugin v27.4 - https:\/\/yoast.com\/product\/yoast-seo-wordpress\/ -->\n<title>Servis laptopa u ProComp servisu - ProComp Blog<\/title>\n<meta name=\"description\" content=\"Servis laptopa je \u010desta pojava u na\u0161em ProComp servisu. Obavljamo sve popravke od zamjene ekrana, tastature, \u010di\u0161\u0107enja i mijenjanja konektora.\" \/>\n<meta name=\"robots\" content=\"index, follow, max-snippet:-1, max-image-preview:large, max-video-preview:-1\" \/>\n<link rel=\"canonical\" href=\"https:\/\/procomp.ba\/blog\/servis-laptopa\/\" \/>\n<meta property=\"og:locale\" content=\"bs_BA\" \/>\n<meta property=\"og:type\" content=\"article\" \/>\n<meta property=\"og:title\" content=\"Servis laptopa u ProComp servisu - ProComp Blog\" \/>\n<meta property=\"og:description\" content=\"Servis laptopa je \u010desta pojava u na\u0161em ProComp servisu. Obavljamo sve popravke od zamjene ekrana, tastature, \u010di\u0161\u0107enja i mijenjanja konektora.\" \/>\n<meta property=\"og:url\" content=\"https:\/\/procomp.ba\/blog\/servis-laptopa\/\" \/>\n<meta property=\"og:site_name\" content=\"ProComp Blog\" \/>\n<meta property=\"article:publisher\" content=\"https:\/\/www.facebook.com\/procomp.ba\/\" \/>\n<meta property=\"article:modified_time\" content=\"2020-01-27T09:11:18+00:00\" \/>\n<meta property=\"og:image\" content=\"https:\/\/procomp.ba\/blog\/wp-content\/uploads\/2020\/01\/servis-laptopa-1.jpg\" \/>\n\t<meta property=\"og:image:width\" content=\"1200\" \/>\n\t<meta property=\"og:image:height\" content=\"674\" \/>\n\t<meta property=\"og:image:type\" content=\"image\/jpeg\" \/>\n<meta name=\"twitter:card\" content=\"summary_large_image\" \/>\n<meta name=\"twitter:label1\" content=\"Est. reading time\" \/>\n\t<meta name=\"twitter:data1\" content=\"6 minuta\" \/>\n<script type=\"application\/ld+json\" class=\"yoast-schema-graph\">{\"@context\":\"https:\\\/\\\/schema.org\",\"@graph\":[{\"@type\":\"WebPage\",\"@id\":\"https:\\\/\\\/procomp.ba\\\/blog\\\/servis-laptopa\\\/\",\"url\":\"https:\\\/\\\/procomp.ba\\\/blog\\\/servis-laptopa\\\/\",\"name\":\"Servis laptopa u ProComp servisu - ProComp Blog\",\"isPartOf\":{\"@id\":\"https:\\\/\\\/procomp.ba\\\/blog\\\/#website\"},\"primaryImageOfPage\":{\"@id\":\"https:\\\/\\\/procomp.ba\\\/blog\\\/servis-laptopa\\\/#primaryimage\"},\"image\":{\"@id\":\"https:\\\/\\\/procomp.ba\\\/blog\\\/servis-laptopa\\\/#primaryimage\"},\"thumbnailUrl\":\"https:\\\/\\\/procomp.ba\\\/blog\\\/wp-content\\\/uploads\\\/2020\\\/01\\\/servis-laptopa-1.jpg\",\"datePublished\":\"2020-01-16T11:37:37+00:00\",\"dateModified\":\"2020-01-27T09:11:18+00:00\",\"description\":\"Servis laptopa je \u010desta pojava u na\u0161em ProComp servisu. Obavljamo sve popravke od zamjene ekrana, tastature, \u010di\u0161\u0107enja i mijenjanja konektora.\",\"breadcrumb\":{\"@id\":\"https:\\\/\\\/procomp.ba\\\/blog\\\/servis-laptopa\\\/#breadcrumb\"},\"inLanguage\":\"bs-BA\",\"potentialAction\":[{\"@type\":\"ReadAction\",\"target\":[\"https:\\\/\\\/procomp.ba\\\/blog\\\/servis-laptopa\\\/\"]}]},{\"@type\":\"ImageObject\",\"inLanguage\":\"bs-BA\",\"@id\":\"https:\\\/\\\/procomp.ba\\\/blog\\\/servis-laptopa\\\/#primaryimage\",\"url\":\"https:\\\/\\\/procomp.ba\\\/blog\\\/wp-content\\\/uploads\\\/2020\\\/01\\\/servis-laptopa-1.jpg\",\"contentUrl\":\"https:\\\/\\\/procomp.ba\\\/blog\\\/wp-content\\\/uploads\\\/2020\\\/01\\\/servis-laptopa-1.jpg\",\"width\":1200,\"height\":674,\"caption\":\"servis laptopa\"},{\"@type\":\"BreadcrumbList\",\"@id\":\"https:\\\/\\\/procomp.ba\\\/blog\\\/servis-laptopa\\\/#breadcrumb\",\"itemListElement\":[{\"@type\":\"ListItem\",\"position\":1,\"name\":\"Home\",\"item\":\"https:\\\/\\\/procomp.ba\\\/blog\\\/\"},{\"@type\":\"ListItem\",\"position\":2,\"name\":\"Servis laptopa u ProComp servisu\"}]},{\"@type\":\"WebSite\",\"@id\":\"https:\\\/\\\/procomp.ba\\\/blog\\\/#website\",\"url\":\"https:\\\/\\\/procomp.ba\\\/blog\\\/\",\"name\":\"ProComp d.o.o. - va\u0161 centar za tehniku\",\"description\":\"ProComp Blog\",\"publisher\":{\"@id\":\"https:\\\/\\\/procomp.ba\\\/blog\\\/#organization\"},\"potentialAction\":[{\"@type\":\"SearchAction\",\"target\":{\"@type\":\"EntryPoint\",\"urlTemplate\":\"https:\\\/\\\/procomp.ba\\\/blog\\\/?s={search_term_string}\"},\"query-input\":{\"@type\":\"PropertyValueSpecification\",\"valueRequired\":true,\"valueName\":\"search_term_string\"}}],\"inLanguage\":\"bs-BA\"},{\"@type\":\"Organization\",\"@id\":\"https:\\\/\\\/procomp.ba\\\/blog\\\/#organization\",\"name\":\"ProComp\",\"url\":\"https:\\\/\\\/procomp.ba\\\/blog\\\/\",\"logo\":{\"@type\":\"ImageObject\",\"inLanguage\":\"bs-BA\",\"@id\":\"https:\\\/\\\/procomp.ba\\\/blog\\\/#\\\/schema\\\/logo\\\/image\\\/\",\"url\":\"https:\\\/\\\/procomp.ba\\\/blog\\\/wp-content\\\/uploads\\\/2018\\\/08\\\/logo-blog-transparent.png\",\"contentUrl\":\"https:\\\/\\\/procomp.ba\\\/blog\\\/wp-content\\\/uploads\\\/2018\\\/08\\\/logo-blog-transparent.png\",\"width\":544,\"height\":180,\"caption\":\"ProComp\"},\"image\":{\"@id\":\"https:\\\/\\\/procomp.ba\\\/blog\\\/#\\\/schema\\\/logo\\\/image\\\/\"},\"sameAs\":[\"https:\\\/\\\/www.facebook.com\\\/procomp.ba\\\/\"]}]}<\/script>\n<!-- \/ Yoast SEO plugin. -->","yoast_head_json":{"title":"Servis laptopa u ProComp servisu - ProComp Blog","description":"Servis laptopa je \u010desta pojava u na\u0161em ProComp servisu. Obavljamo sve popravke od zamjene ekrana, tastature, \u010di\u0161\u0107enja i mijenjanja konektora.","robots":{"index":"index","follow":"follow","max-snippet":"max-snippet:-1","max-image-preview":"max-image-preview:large","max-video-preview":"max-video-preview:-1"},"canonical":"https:\/\/procomp.ba\/blog\/servis-laptopa\/","og_locale":"bs_BA","og_type":"article","og_title":"Servis laptopa u ProComp servisu - ProComp Blog","og_description":"Servis laptopa je \u010desta pojava u na\u0161em ProComp servisu. Obavljamo sve popravke od zamjene ekrana, tastature, \u010di\u0161\u0107enja i mijenjanja konektora.","og_url":"https:\/\/procomp.ba\/blog\/servis-laptopa\/","og_site_name":"ProComp Blog","article_publisher":"https:\/\/www.facebook.com\/procomp.ba\/","article_modified_time":"2020-01-27T09:11:18+00:00","og_image":[{"width":1200,"height":674,"url":"https:\/\/procomp.ba\/blog\/wp-content\/uploads\/2020\/01\/servis-laptopa-1.jpg","type":"image\/jpeg"}],"twitter_card":"summary_large_image","twitter_misc":{"Est. reading time":"6 minuta"},"schema":{"@context":"https:\/\/schema.org","@graph":[{"@type":"WebPage","@id":"https:\/\/procomp.ba\/blog\/servis-laptopa\/","url":"https:\/\/procomp.ba\/blog\/servis-laptopa\/","name":"Servis laptopa u ProComp servisu - ProComp Blog","isPartOf":{"@id":"https:\/\/procomp.ba\/blog\/#website"},"primaryImageOfPage":{"@id":"https:\/\/procomp.ba\/blog\/servis-laptopa\/#primaryimage"},"image":{"@id":"https:\/\/procomp.ba\/blog\/servis-laptopa\/#primaryimage"},"thumbnailUrl":"https:\/\/procomp.ba\/blog\/wp-content\/uploads\/2020\/01\/servis-laptopa-1.jpg","datePublished":"2020-01-16T11:37:37+00:00","dateModified":"2020-01-27T09:11:18+00:00","description":"Servis laptopa je \u010desta pojava u na\u0161em ProComp servisu. Obavljamo sve popravke od zamjene ekrana, tastature, \u010di\u0161\u0107enja i mijenjanja konektora.","breadcrumb":{"@id":"https:\/\/procomp.ba\/blog\/servis-laptopa\/#breadcrumb"},"inLanguage":"bs-BA","potentialAction":[{"@type":"ReadAction","target":["https:\/\/procomp.ba\/blog\/servis-laptopa\/"]}]},{"@type":"ImageObject","inLanguage":"bs-BA","@id":"https:\/\/procomp.ba\/blog\/servis-laptopa\/#primaryimage","url":"https:\/\/procomp.ba\/blog\/wp-content\/uploads\/2020\/01\/servis-laptopa-1.jpg","contentUrl":"https:\/\/procomp.ba\/blog\/wp-content\/uploads\/2020\/01\/servis-laptopa-1.jpg","width":1200,"height":674,"caption":"servis laptopa"},{"@type":"BreadcrumbList","@id":"https:\/\/procomp.ba\/blog\/servis-laptopa\/#breadcrumb","itemListElement":[{"@type":"ListItem","position":1,"name":"Home","item":"https:\/\/procomp.ba\/blog\/"},{"@type":"ListItem","position":2,"name":"Servis laptopa u ProComp servisu"}]},{"@type":"WebSite","@id":"https:\/\/procomp.ba\/blog\/#website","url":"https:\/\/procomp.ba\/blog\/","name":"ProComp d.o.o. - va\u0161 centar za tehniku","description":"ProComp Blog","publisher":{"@id":"https:\/\/procomp.ba\/blog\/#organization"},"potentialAction":[{"@type":"SearchAction","target":{"@type":"EntryPoint","urlTemplate":"https:\/\/procomp.ba\/blog\/?s={search_term_string}"},"query-input":{"@type":"PropertyValueSpecification","valueRequired":true,"valueName":"search_term_string"}}],"inLanguage":"bs-BA"},{"@type":"Organization","@id":"https:\/\/procomp.ba\/blog\/#organization","name":"ProComp","url":"https:\/\/procomp.ba\/blog\/","logo":{"@type":"ImageObject","inLanguage":"bs-BA","@id":"https:\/\/procomp.ba\/blog\/#\/schema\/logo\/image\/","url":"https:\/\/procomp.ba\/blog\/wp-content\/uploads\/2018\/08\/logo-blog-transparent.png","contentUrl":"https:\/\/procomp.ba\/blog\/wp-content\/uploads\/2018\/08\/logo-blog-transparent.png","width":544,"height":180,"caption":"ProComp"},"image":{"@id":"https:\/\/procomp.ba\/blog\/#\/schema\/logo\/image\/"},"sameAs":["https:\/\/www.facebook.com\/procomp.ba\/"]}]}},"_links":{"self":[{"href":"https:\/\/procomp.ba\/blog\/wp-json\/wp\/v2\/pages\/4790","targetHints":{"allow":["GET"]}}],"collection":[{"href":"https:\/\/procomp.ba\/blog\/wp-json\/wp\/v2\/pages"}],"about":[{"href":"https:\/\/procomp.ba\/blog\/wp-json\/wp\/v2\/types\/page"}],"author":[{"embeddable":true,"href":"https:\/\/procomp.ba\/blog\/wp-json\/wp\/v2\/users\/1"}],"replies":[{"embeddable":true,"href":"https:\/\/procomp.ba\/blog\/wp-json\/wp\/v2\/comments?post=4790"}],"version-history":[{"count":7,"href":"https:\/\/procomp.ba\/blog\/wp-json\/wp\/v2\/pages\/4790\/revisions"}],"predecessor-version":[{"id":5019,"href":"https:\/\/procomp.ba\/blog\/wp-json\/wp\/v2\/pages\/4790\/revisions\/5019"}],"wp:featuredmedia":[{"embeddable":true,"href":"https:\/\/procomp.ba\/blog\/wp-json\/wp\/v2\/media\/5018"}],"wp:attachment":[{"href":"https:\/\/procomp.ba\/blog\/wp-json\/wp\/v2\/media?parent=4790"}],"curies":[{"name":"wp","href":"https:\/\/api.w.org\/{rel}","templated":true}]}}