{"id":4792,"date":"2020-01-16T12:37:58","date_gmt":"2020-01-16T11:37:58","guid":{"rendered":"https:\/\/procomp.ba\/blog\/?page_id=4792"},"modified":"2020-01-22T10:11:50","modified_gmt":"2020-01-22T09:11:50","slug":"servis-racunara","status":"publish","type":"page","link":"https:\/\/procomp.ba\/blog\/servis-racunara\/","title":{"rendered":"Servis ra\u010dunara &#8211; kompjutera u na\u0161em servisu"},"content":{"rendered":"\n<figure class=\"wp-block-image size-large\"><img loading=\"lazy\" decoding=\"async\" width=\"1024\" height=\"683\" src=\"https:\/\/procomp.ba\/blog\/wp-content\/uploads\/2020\/01\/SERVIS-RACUNARA-1-1024x683.jpg\" alt=\"servis kompjutera\" class=\"wp-image-4980\" srcset=\"https:\/\/procomp.ba\/blog\/wp-content\/uploads\/2020\/01\/SERVIS-RACUNARA-1-1024x683.jpg 1024w, https:\/\/procomp.ba\/blog\/wp-content\/uploads\/2020\/01\/SERVIS-RACUNARA-1-300x200.jpg 300w, https:\/\/procomp.ba\/blog\/wp-content\/uploads\/2020\/01\/SERVIS-RACUNARA-1-768x512.jpg 768w, https:\/\/procomp.ba\/blog\/wp-content\/uploads\/2020\/01\/SERVIS-RACUNARA-1-1536x1024.jpg 1536w, https:\/\/procomp.ba\/blog\/wp-content\/uploads\/2020\/01\/SERVIS-RACUNARA-1-696x464.jpg 696w, https:\/\/procomp.ba\/blog\/wp-content\/uploads\/2020\/01\/SERVIS-RACUNARA-1-1068x712.jpg 1068w, https:\/\/procomp.ba\/blog\/wp-content\/uploads\/2020\/01\/SERVIS-RACUNARA-1-630x420.jpg 630w, https:\/\/procomp.ba\/blog\/wp-content\/uploads\/2020\/01\/SERVIS-RACUNARA-1.jpg 1920w\" sizes=\"auto, (max-width: 1024px) 100vw, 1024px\" \/><\/figure>\n\n\n\n<p>Kori\u0161tenje ra\u010dunara ili laptopa donosi mnoga olak\u0161anja ali i iznenadne probleme. Svaki ve\u0107i problem rje\u0161ava servis ra\u010dunara. Dugotrajan rad sa tim ure\u0111ajima, donosi i frustriraju\u0107e kvarove. U tim slu\u010dajevima mnogima je potrebna brza popravka &#8220;jer ne mo\u017eete dugo da \u010dekate&#8221;. Jako je bitno da u tim trenutcima ne pravite \u017eurbu i odluku o popravci va\u0161eg ure\u0111aja donesete promi\u0161ljeno. U \u017eurbi mo\u017eete odnijeti ra\u010dunar u neprovjeren servis. Mnogi od njih nude popravke ra\u010dunara &#8220;isti dan&#8221; bez obzira na kvar i problem kojeg imate. <\/p>\n\n\n\n<p>To je neozbiljan pristup i nije na\u010din sa kojim bi vi trebali da rije\u0161ite svoj problem. Odmah da znate, jako je diskutabilna kvaliteta usluga ra\u0111enih u takvim servisima. \u010cesta promjena servisera u tim servisima nije garant kvalitete popravke. Osim toga, \u010desti su problemi i sa dijelovima i opremom koje takvi servisi nemaju.<\/p>\n\n\n\n<h2 class=\"wp-block-heading\">Garancija kvalitetnog i brzog popravka<\/h2>\n\n\n\n<p>Popravka ra\u010dunara treba da uradi neki od provjerenih servisa za popravak ra\u010dunara. Procomp je po mi\u0161ljenju mnogih jedan od takvih servisa. Ako vam je potreban brz i siguran servis ra\u010dunara &#8211; Procomp posjeduje iskusan tim servisera koji \u0107e va\u0161 problem rije\u0161iti u najkra\u0107em vremenskom roku. <\/p>\n\n\n\n<p>Procomp se bavi prodajom ra\u010dunara i ra\u010dunarske opreme, i vezano uz to posjeduju veliki lager rezervnih dijelova. To vam daje garanciju brzog i kvalitetnog servisa va\u0161eg ra\u010dunara. Prilikom preuzimanja ure\u0111aja serviser \u0107e vas obavjestiti o veli\u010dini kvara i potreban vremenski period za popravak ure\u0111aja. Lak\u0161e gre\u0161ke se mogu uzeti odmah za popravku, a te\u017ei problemi iziskuju vi\u0161e vremena. Procomp servis posjeduje i mogu\u0107nost terenske popravke (ili preuzimanja) u slu\u010daju ako vama treba da se to uradi na licu mjesta. <\/p>\n\n\n\n<h3 class=\"wp-block-heading\">Procomp servis ra\u010dunara nudi:<\/h3>\n\n\n\n<ul class=\"wp-block-list\"><li>Zamjenu neispravnih komponenti<\/li><li>Nadogradnja ra\u010dunara<\/li><li>\u010ci\u0161\u0107enje ili zamjena kulera<\/li><li>Instalaciju orginalnih sistema i drajvera<\/li><li>\u010ci\u0161\u0107enje i ubrzavanje rada sistema<\/li><li>Spa\u0161avanje obrisanih podataka<\/li><li>\u010ci\u0161\u0107enje od virusa<\/li><li>Zamjenu termalne paste<\/li><li>\u010ci\u0161\u0107enje ra\u010dunara od pra\u0161ine<\/li><\/ul>\n\n\n\n<p>Osim navedenog, rje\u0161avaju se i sve ostale potrebne popravke. <\/p>\n\n\n\n<h4 class=\"wp-block-heading\">Razlozi servisiranja u Procomp-u:<\/h4>\n\n\n\n<ul class=\"wp-block-list\"><li>Osigurana garancija za sve popravke i ugra\u0111ene dijelove<\/li><li>Vi\u0161egodi\u0161nje iskustvo servisera <\/li><li>Veliki lager komponenti za ugradnju i zamjenu <\/li><li>Komunikativnost i fleksibilnost zaposlenih u cilju va\u0161eg zadovoljstva i povjerenja<\/li><\/ul>\n\n\n\n<h2 class=\"wp-block-heading\">Garancije usluga<\/h2>\n\n\n\n<p>Procomp nudi servis ra\u010dunara uz punu garanciju na sve komponente ugra\u0111ene ili zamjenjene u va\u0161em ra\u010dunaru. Me\u0111utim, garancija va\u017ei striktno na dogovorene popravke koje su izvr\u0161ene. Nakon popravke a prije isporuke, svaki ra\u010dunar se odre\u0111eno vrijeme testira pod najve\u0107im optere\u0107enjem i potvr\u0111uje ispravna popravka. Prilikom preuzimanja ra\u010dunara demonstrira se ispravnost rada ure\u0111aja, i time se potvr\u0111uje ispravno zavr\u0161ena popravka.<\/p>\n\n\n\n<div class=\"wp-block-image\"><figure class=\"aligncenter size-large\"><img loading=\"lazy\" decoding=\"async\" width=\"700\" height=\"200\" src=\"https:\/\/procomp.ba\/blog\/wp-content\/uploads\/2020\/01\/rezervisite-termin-9.jpg\" alt=\"servis ra\u010dunara\" class=\"wp-image-4982\" srcset=\"https:\/\/procomp.ba\/blog\/wp-content\/uploads\/2020\/01\/rezervisite-termin-9.jpg 700w, https:\/\/procomp.ba\/blog\/wp-content\/uploads\/2020\/01\/rezervisite-termin-9-300x86.jpg 300w, https:\/\/procomp.ba\/blog\/wp-content\/uploads\/2020\/01\/rezervisite-termin-9-696x200.jpg 696w\" sizes=\"auto, (max-width: 700px) 100vw, 700px\" \/><\/figure><\/div>\n","protected":false},"excerpt":{"rendered":"<p>Kori\u0161tenje ra\u010dunara ili laptopa donosi mnoga olak\u0161anja ali i iznenadne probleme. Svaki ve\u0107i problem rje\u0161ava servis ra\u010dunara. Dugotrajan rad sa tim ure\u0111ajima, donosi i frustriraju\u0107e kvarove. U tim slu\u010dajevima mnogima je potrebna brza popravka &#8220;jer ne mo\u017eete dugo da \u010dekate&#8221;. Jako je bitno da u tim trenutcima ne pravite \u017eurbu i odluku o popravci va\u0161eg [&hellip;]<\/p>\n","protected":false},"author":1,"featured_media":4981,"parent":0,"menu_order":0,"comment_status":"closed","ping_status":"closed","template":"","meta":{"footnotes":""},"class_list":["post-4792","page","type-page","status-publish","has-post-thumbnail","hentry"],"yoast_head":"<!-- This site is optimized with the Yoast SEO plugin v27.4 - https:\/\/yoast.com\/product\/yoast-seo-wordpress\/ -->\n<title>Servis ra\u010dunara - kompjutera u na\u0161em servisu - ProComp Blog<\/title>\n<meta name=\"description\" content=\"Ako vam je potreban brz i siguran servis ra\u010dunara - Procomp posjeduje iskusan tim servisera koji \u0107e va\u0161 problem rije\u0161iti u najkra\u0107em vremenskom roku.\" \/>\n<meta name=\"robots\" content=\"index, follow, max-snippet:-1, max-image-preview:large, max-video-preview:-1\" \/>\n<link rel=\"canonical\" href=\"https:\/\/procomp.ba\/blog\/servis-racunara\/\" \/>\n<meta property=\"og:locale\" content=\"bs_BA\" \/>\n<meta property=\"og:type\" content=\"article\" \/>\n<meta property=\"og:title\" content=\"Servis ra\u010dunara - kompjutera u na\u0161em servisu - ProComp Blog\" \/>\n<meta property=\"og:description\" content=\"Ako vam je potreban brz i siguran servis ra\u010dunara - Procomp posjeduje iskusan tim servisera koji \u0107e va\u0161 problem rije\u0161iti u najkra\u0107em vremenskom roku.\" \/>\n<meta property=\"og:url\" content=\"https:\/\/procomp.ba\/blog\/servis-racunara\/\" \/>\n<meta property=\"og:site_name\" content=\"ProComp Blog\" \/>\n<meta property=\"article:publisher\" content=\"https:\/\/www.facebook.com\/procomp.ba\/\" \/>\n<meta property=\"article:modified_time\" content=\"2020-01-22T09:11:50+00:00\" \/>\n<meta property=\"og:image\" content=\"https:\/\/procomp.ba\/blog\/wp-content\/uploads\/2020\/01\/servis-rac\u030cunara.jpg\" \/>\n\t<meta property=\"og:image:width\" content=\"1200\" \/>\n\t<meta property=\"og:image:height\" content=\"800\" \/>\n\t<meta property=\"og:image:type\" content=\"image\/jpeg\" \/>\n<meta name=\"twitter:card\" content=\"summary_large_image\" \/>\n<meta name=\"twitter:label1\" content=\"Est. reading time\" \/>\n\t<meta name=\"twitter:data1\" content=\"2 minute\" \/>\n<script type=\"application\/ld+json\" class=\"yoast-schema-graph\">{\"@context\":\"https:\\\/\\\/schema.org\",\"@graph\":[{\"@type\":\"WebPage\",\"@id\":\"https:\\\/\\\/procomp.ba\\\/blog\\\/servis-racunara\\\/\",\"url\":\"https:\\\/\\\/procomp.ba\\\/blog\\\/servis-racunara\\\/\",\"name\":\"Servis ra\u010dunara - kompjutera u na\u0161em servisu - ProComp Blog\",\"isPartOf\":{\"@id\":\"https:\\\/\\\/procomp.ba\\\/blog\\\/#website\"},\"primaryImageOfPage\":{\"@id\":\"https:\\\/\\\/procomp.ba\\\/blog\\\/servis-racunara\\\/#primaryimage\"},\"image\":{\"@id\":\"https:\\\/\\\/procomp.ba\\\/blog\\\/servis-racunara\\\/#primaryimage\"},\"thumbnailUrl\":\"https:\\\/\\\/procomp.ba\\\/blog\\\/wp-content\\\/uploads\\\/2020\\\/01\\\/servis-rac\u030cunara.jpg\",\"datePublished\":\"2020-01-16T11:37:58+00:00\",\"dateModified\":\"2020-01-22T09:11:50+00:00\",\"description\":\"Ako vam je potreban brz i siguran servis ra\u010dunara - Procomp posjeduje iskusan tim servisera koji \u0107e va\u0161 problem rije\u0161iti u najkra\u0107em vremenskom roku.\",\"breadcrumb\":{\"@id\":\"https:\\\/\\\/procomp.ba\\\/blog\\\/servis-racunara\\\/#breadcrumb\"},\"inLanguage\":\"bs-BA\",\"potentialAction\":[{\"@type\":\"ReadAction\",\"target\":[\"https:\\\/\\\/procomp.ba\\\/blog\\\/servis-racunara\\\/\"]}]},{\"@type\":\"ImageObject\",\"inLanguage\":\"bs-BA\",\"@id\":\"https:\\\/\\\/procomp.ba\\\/blog\\\/servis-racunara\\\/#primaryimage\",\"url\":\"https:\\\/\\\/procomp.ba\\\/blog\\\/wp-content\\\/uploads\\\/2020\\\/01\\\/servis-rac\u030cunara.jpg\",\"contentUrl\":\"https:\\\/\\\/procomp.ba\\\/blog\\\/wp-content\\\/uploads\\\/2020\\\/01\\\/servis-rac\u030cunara.jpg\",\"width\":1200,\"height\":800,\"caption\":\"servis kompjutera\"},{\"@type\":\"BreadcrumbList\",\"@id\":\"https:\\\/\\\/procomp.ba\\\/blog\\\/servis-racunara\\\/#breadcrumb\",\"itemListElement\":[{\"@type\":\"ListItem\",\"position\":1,\"name\":\"Home\",\"item\":\"https:\\\/\\\/procomp.ba\\\/blog\\\/\"},{\"@type\":\"ListItem\",\"position\":2,\"name\":\"Servis ra\u010dunara &#8211; kompjutera u na\u0161em servisu\"}]},{\"@type\":\"WebSite\",\"@id\":\"https:\\\/\\\/procomp.ba\\\/blog\\\/#website\",\"url\":\"https:\\\/\\\/procomp.ba\\\/blog\\\/\",\"name\":\"ProComp d.o.o. - va\u0161 centar za tehniku\",\"description\":\"ProComp Blog\",\"publisher\":{\"@id\":\"https:\\\/\\\/procomp.ba\\\/blog\\\/#organization\"},\"potentialAction\":[{\"@type\":\"SearchAction\",\"target\":{\"@type\":\"EntryPoint\",\"urlTemplate\":\"https:\\\/\\\/procomp.ba\\\/blog\\\/?s={search_term_string}\"},\"query-input\":{\"@type\":\"PropertyValueSpecification\",\"valueRequired\":true,\"valueName\":\"search_term_string\"}}],\"inLanguage\":\"bs-BA\"},{\"@type\":\"Organization\",\"@id\":\"https:\\\/\\\/procomp.ba\\\/blog\\\/#organization\",\"name\":\"ProComp\",\"url\":\"https:\\\/\\\/procomp.ba\\\/blog\\\/\",\"logo\":{\"@type\":\"ImageObject\",\"inLanguage\":\"bs-BA\",\"@id\":\"https:\\\/\\\/procomp.ba\\\/blog\\\/#\\\/schema\\\/logo\\\/image\\\/\",\"url\":\"https:\\\/\\\/procomp.ba\\\/blog\\\/wp-content\\\/uploads\\\/2018\\\/08\\\/logo-blog-transparent.png\",\"contentUrl\":\"https:\\\/\\\/procomp.ba\\\/blog\\\/wp-content\\\/uploads\\\/2018\\\/08\\\/logo-blog-transparent.png\",\"width\":544,\"height\":180,\"caption\":\"ProComp\"},\"image\":{\"@id\":\"https:\\\/\\\/procomp.ba\\\/blog\\\/#\\\/schema\\\/logo\\\/image\\\/\"},\"sameAs\":[\"https:\\\/\\\/www.facebook.com\\\/procomp.ba\\\/\"]}]}<\/script>\n<!-- \/ Yoast SEO plugin. -->","yoast_head_json":{"title":"Servis ra\u010dunara - kompjutera u na\u0161em servisu - ProComp Blog","description":"Ako vam je potreban brz i siguran servis ra\u010dunara - Procomp posjeduje iskusan tim servisera koji \u0107e va\u0161 problem rije\u0161iti u najkra\u0107em vremenskom roku.","robots":{"index":"index","follow":"follow","max-snippet":"max-snippet:-1","max-image-preview":"max-image-preview:large","max-video-preview":"max-video-preview:-1"},"canonical":"https:\/\/procomp.ba\/blog\/servis-racunara\/","og_locale":"bs_BA","og_type":"article","og_title":"Servis ra\u010dunara - kompjutera u na\u0161em servisu - ProComp Blog","og_description":"Ako vam je potreban brz i siguran servis ra\u010dunara - Procomp posjeduje iskusan tim servisera koji \u0107e va\u0161 problem rije\u0161iti u najkra\u0107em vremenskom roku.","og_url":"https:\/\/procomp.ba\/blog\/servis-racunara\/","og_site_name":"ProComp Blog","article_publisher":"https:\/\/www.facebook.com\/procomp.ba\/","article_modified_time":"2020-01-22T09:11:50+00:00","og_image":[{"width":1200,"height":800,"url":"https:\/\/procomp.ba\/blog\/wp-content\/uploads\/2020\/01\/servis-rac\u030cunara.jpg","type":"image\/jpeg"}],"twitter_card":"summary_large_image","twitter_misc":{"Est. reading time":"2 minute"},"schema":{"@context":"https:\/\/schema.org","@graph":[{"@type":"WebPage","@id":"https:\/\/procomp.ba\/blog\/servis-racunara\/","url":"https:\/\/procomp.ba\/blog\/servis-racunara\/","name":"Servis ra\u010dunara - kompjutera u na\u0161em servisu - ProComp Blog","isPartOf":{"@id":"https:\/\/procomp.ba\/blog\/#website"},"primaryImageOfPage":{"@id":"https:\/\/procomp.ba\/blog\/servis-racunara\/#primaryimage"},"image":{"@id":"https:\/\/procomp.ba\/blog\/servis-racunara\/#primaryimage"},"thumbnailUrl":"https:\/\/procomp.ba\/blog\/wp-content\/uploads\/2020\/01\/servis-rac\u030cunara.jpg","datePublished":"2020-01-16T11:37:58+00:00","dateModified":"2020-01-22T09:11:50+00:00","description":"Ako vam je potreban brz i siguran servis ra\u010dunara - Procomp posjeduje iskusan tim servisera koji \u0107e va\u0161 problem rije\u0161iti u najkra\u0107em vremenskom roku.","breadcrumb":{"@id":"https:\/\/procomp.ba\/blog\/servis-racunara\/#breadcrumb"},"inLanguage":"bs-BA","potentialAction":[{"@type":"ReadAction","target":["https:\/\/procomp.ba\/blog\/servis-racunara\/"]}]},{"@type":"ImageObject","inLanguage":"bs-BA","@id":"https:\/\/procomp.ba\/blog\/servis-racunara\/#primaryimage","url":"https:\/\/procomp.ba\/blog\/wp-content\/uploads\/2020\/01\/servis-rac\u030cunara.jpg","contentUrl":"https:\/\/procomp.ba\/blog\/wp-content\/uploads\/2020\/01\/servis-rac\u030cunara.jpg","width":1200,"height":800,"caption":"servis kompjutera"},{"@type":"BreadcrumbList","@id":"https:\/\/procomp.ba\/blog\/servis-racunara\/#breadcrumb","itemListElement":[{"@type":"ListItem","position":1,"name":"Home","item":"https:\/\/procomp.ba\/blog\/"},{"@type":"ListItem","position":2,"name":"Servis ra\u010dunara &#8211; kompjutera u na\u0161em servisu"}]},{"@type":"WebSite","@id":"https:\/\/procomp.ba\/blog\/#website","url":"https:\/\/procomp.ba\/blog\/","name":"ProComp d.o.o. - va\u0161 centar za tehniku","description":"ProComp Blog","publisher":{"@id":"https:\/\/procomp.ba\/blog\/#organization"},"potentialAction":[{"@type":"SearchAction","target":{"@type":"EntryPoint","urlTemplate":"https:\/\/procomp.ba\/blog\/?s={search_term_string}"},"query-input":{"@type":"PropertyValueSpecification","valueRequired":true,"valueName":"search_term_string"}}],"inLanguage":"bs-BA"},{"@type":"Organization","@id":"https:\/\/procomp.ba\/blog\/#organization","name":"ProComp","url":"https:\/\/procomp.ba\/blog\/","logo":{"@type":"ImageObject","inLanguage":"bs-BA","@id":"https:\/\/procomp.ba\/blog\/#\/schema\/logo\/image\/","url":"https:\/\/procomp.ba\/blog\/wp-content\/uploads\/2018\/08\/logo-blog-transparent.png","contentUrl":"https:\/\/procomp.ba\/blog\/wp-content\/uploads\/2018\/08\/logo-blog-transparent.png","width":544,"height":180,"caption":"ProComp"},"image":{"@id":"https:\/\/procomp.ba\/blog\/#\/schema\/logo\/image\/"},"sameAs":["https:\/\/www.facebook.com\/procomp.ba\/"]}]}},"_links":{"self":[{"href":"https:\/\/procomp.ba\/blog\/wp-json\/wp\/v2\/pages\/4792","targetHints":{"allow":["GET"]}}],"collection":[{"href":"https:\/\/procomp.ba\/blog\/wp-json\/wp\/v2\/pages"}],"about":[{"href":"https:\/\/procomp.ba\/blog\/wp-json\/wp\/v2\/types\/page"}],"author":[{"embeddable":true,"href":"https:\/\/procomp.ba\/blog\/wp-json\/wp\/v2\/users\/1"}],"replies":[{"embeddable":true,"href":"https:\/\/procomp.ba\/blog\/wp-json\/wp\/v2\/comments?post=4792"}],"version-history":[{"count":6,"href":"https:\/\/procomp.ba\/blog\/wp-json\/wp\/v2\/pages\/4792\/revisions"}],"predecessor-version":[{"id":5014,"href":"https:\/\/procomp.ba\/blog\/wp-json\/wp\/v2\/pages\/4792\/revisions\/5014"}],"wp:featuredmedia":[{"embeddable":true,"href":"https:\/\/procomp.ba\/blog\/wp-json\/wp\/v2\/media\/4981"}],"wp:attachment":[{"href":"https:\/\/procomp.ba\/blog\/wp-json\/wp\/v2\/media?parent=4792"}],"curies":[{"name":"wp","href":"https:\/\/api.w.org\/{rel}","templated":true}]}}