{"id":4808,"date":"2020-01-16T15:26:55","date_gmt":"2020-01-16T14:26:55","guid":{"rendered":"https:\/\/procomp.ba\/blog\/?page_id=4808"},"modified":"2020-01-21T22:32:09","modified_gmt":"2020-01-21T21:32:09","slug":"mikrofon-u-kvaru-zamjena-u-nasem-servisu-procomp","status":"publish","type":"page","link":"https:\/\/procomp.ba\/blog\/mikrofon-u-kvaru-zamjena-u-nasem-servisu-procomp\/","title":{"rendered":"Mikrofon u kvaru- zamjena u na\u0161em servisu"},"content":{"rendered":"\n<figure class=\"wp-block-image size-large\"><img loading=\"lazy\" decoding=\"async\" width=\"1024\" height=\"768\" src=\"https:\/\/procomp.ba\/blog\/wp-content\/uploads\/2020\/01\/mikrofon-mobitel-1-1024x768.jpg\" alt=\"\" class=\"wp-image-4951\" srcset=\"https:\/\/procomp.ba\/blog\/wp-content\/uploads\/2020\/01\/mikrofon-mobitel-1-1024x768.jpg 1024w, https:\/\/procomp.ba\/blog\/wp-content\/uploads\/2020\/01\/mikrofon-mobitel-1-300x225.jpg 300w, https:\/\/procomp.ba\/blog\/wp-content\/uploads\/2020\/01\/mikrofon-mobitel-1-768x576.jpg 768w, https:\/\/procomp.ba\/blog\/wp-content\/uploads\/2020\/01\/mikrofon-mobitel-1-80x60.jpg 80w, https:\/\/procomp.ba\/blog\/wp-content\/uploads\/2020\/01\/mikrofon-mobitel-1-265x198.jpg 265w, https:\/\/procomp.ba\/blog\/wp-content\/uploads\/2020\/01\/mikrofon-mobitel-1-696x522.jpg 696w, https:\/\/procomp.ba\/blog\/wp-content\/uploads\/2020\/01\/mikrofon-mobitel-1-1068x801.jpg 1068w, https:\/\/procomp.ba\/blog\/wp-content\/uploads\/2020\/01\/mikrofon-mobitel-1-560x420.jpg 560w, https:\/\/procomp.ba\/blog\/wp-content\/uploads\/2020\/01\/mikrofon-mobitel-1.jpg 1200w\" sizes=\"auto, (max-width: 1024px) 100vw, 1024px\" \/><\/figure>\n\n\n\n<p>Ispravan <strong>mikrofon<\/strong> je klju\u010dna stavka za ispravno razumijevanje sadr\u017eaja va\u0161ih razgovora. Zamjena mikrofona je neminovna ako svaki va\u0161 razgovor po\u010dinje sa :&#8221;Ko je? Mo\u017eete li glasnije? Ne \u010dujem.&#8221; Ako se pronalazite u ovim pitanjima ili sli\u010dnim varijacijama, onda je vrijeme da promijenite mikrofon. <\/p>\n\n\n\n<p>ProComp servis vam nudi brzu i efikasnu zamjenu mikrofona na va\u0161em ure\u0111aju da bi va\u0161i razgovori bili kristalno jasni.<\/p>\n\n\n\n<h3 class=\"wp-block-heading\">Zamjena mikrofona brzo i efikasno<\/h3>\n\n\n\n<p>Ponekad prilikom pada telefona o\u0161teti nam se <strong>mikrofon<\/strong> pa nam pravi probleme. Nekad telefon do\u0111e u dodir sa vodom ili jednostavno popusti konektor<strong> <\/strong>i to uzrokuje o\u0161te\u0107enje mikrofona. Bez obzira da li imate <strong>Xiaomi, Huawei, Ulefone, Prestigio, Iphone, Samsung, Lenovo, Nokia, Vivax, Oukitel<\/strong> zamjena mikrofona&nbsp;&nbsp;je najbolje re\u0161enje za navedene vrste problema. <\/p>\n\n\n\n<figure class=\"wp-block-image size-large\"><img loading=\"lazy\" decoding=\"async\" width=\"1024\" height=\"768\" src=\"https:\/\/procomp.ba\/blog\/wp-content\/uploads\/2020\/01\/mikrofon-1024x768.jpg\" alt=\"\" class=\"wp-image-4811\" srcset=\"https:\/\/procomp.ba\/blog\/wp-content\/uploads\/2020\/01\/mikrofon-1024x768.jpg 1024w, https:\/\/procomp.ba\/blog\/wp-content\/uploads\/2020\/01\/mikrofon-300x225.jpg 300w, https:\/\/procomp.ba\/blog\/wp-content\/uploads\/2020\/01\/mikrofon-768x576.jpg 768w, https:\/\/procomp.ba\/blog\/wp-content\/uploads\/2020\/01\/mikrofon-1536x1152.jpg 1536w, https:\/\/procomp.ba\/blog\/wp-content\/uploads\/2020\/01\/mikrofon-80x60.jpg 80w, https:\/\/procomp.ba\/blog\/wp-content\/uploads\/2020\/01\/mikrofon-265x198.jpg 265w, https:\/\/procomp.ba\/blog\/wp-content\/uploads\/2020\/01\/mikrofon-696x522.jpg 696w, https:\/\/procomp.ba\/blog\/wp-content\/uploads\/2020\/01\/mikrofon-1068x801.jpg 1068w, https:\/\/procomp.ba\/blog\/wp-content\/uploads\/2020\/01\/mikrofon-560x420.jpg 560w, https:\/\/procomp.ba\/blog\/wp-content\/uploads\/2020\/01\/mikrofon.jpg 1600w\" sizes=\"auto, (max-width: 1024px) 100vw, 1024px\" \/><figcaption>Mikrofon se mo\u017ee zamijeniti samo originalnim dijelom.<\/figcaption><\/figure>\n\n\n\n<p>Proces zamjene mikrofona nije uop\u0161te komplikovani. Nakon \u0161to doneste telefon li\u010dno u ProComp servis, ve\u0107 nakon par sati mo\u017eete ga preuzeti i koristiti. <\/p>\n\n\n\n<h3 class=\"wp-block-heading\">Originalni mikrofon je jedino dobar za vas<\/h3>\n\n\n\n<p>Kvar na mikrofonu se naj\u010de\u0161\u0107e rje\u0161ava zamjenom mikrofona. Ovo je proces koji se relativno brzo zavr\u0161ava. Va\u0161e je samo da donesete u mobitel u <strong>ProComp<\/strong> servis. <\/p>\n\n\n\n<p>Na\u0161e ljubazno osoblje \u0107e preuzeti telefon i rije\u0161iti problem u rekordnom vremenu.  <\/p>\n\n\n\n<p><strong>Servisiranje telefona<\/strong>&nbsp;se obavlja samo sa originalnim dijelovima proizvo\u0111a\u010da. <strong>Originalni dijelovi<\/strong> vam osiguravaju kvalitet i du\u017ee trajanje va\u0161eg zamjenskog dijela. <\/p>\n\n\n\n<p>Samim time originalni dijelovi su prilago\u0111eni samom ure\u0111aju i to spre\u010dava dodatne kvarove. Neoriginalni dijelovi mogu dovesti do \u010destih kvarova zbog nekoompatibilnosti.  Zbog originalnih dijelova, mi vam dajemo garanciju. <\/p>\n\n\n\n<p>Ako se odlu\u010dite na zamjenu mikrofona u na\u0161em <strong>ProComp<\/strong> servisu, imate garanciju na izvr\u0161enu zamjenu. Zamjena \u0107e biti izvr\u0161ena od sposobnih servisera. Garancija traje 12 mjeseci na zamijenjeni dio. <\/p>\n\n\n\n<p><strong>Cijene<\/strong> na\u0161ih usluga \u0107ete dobiti od na\u0161ih servisera. Trudimo se da i cjenovno budete zadovoljni. Nakon obavljene popravke, biti \u0107ete pozvani da preuzmete svoj telefon. Do\u0111ite posjetite nas i uvjerite se u kvalitet na\u0161ih usluga. <\/p>\n\n\n\n<div class=\"wp-block-image\"><figure class=\"aligncenter size-large\"><img loading=\"lazy\" decoding=\"async\" width=\"700\" height=\"200\" src=\"https:\/\/procomp.ba\/blog\/wp-content\/uploads\/2020\/01\/rezervisite-termin-1.jpg\" alt=\"\" class=\"wp-image-4937\" srcset=\"https:\/\/procomp.ba\/blog\/wp-content\/uploads\/2020\/01\/rezervisite-termin-1.jpg 700w, https:\/\/procomp.ba\/blog\/wp-content\/uploads\/2020\/01\/rezervisite-termin-1-300x86.jpg 300w, https:\/\/procomp.ba\/blog\/wp-content\/uploads\/2020\/01\/rezervisite-termin-1-696x200.jpg 696w\" sizes=\"auto, (max-width: 700px) 100vw, 700px\" \/><\/figure><\/div>\n","protected":false},"excerpt":{"rendered":"<p>Ispravan mikrofon je klju\u010dna stavka za ispravno razumijevanje sadr\u017eaja va\u0161ih razgovora. Zamjena mikrofona je neminovna ako svaki va\u0161 razgovor po\u010dinje sa :&#8221;Ko je? Mo\u017eete li glasnije? Ne \u010dujem.&#8221; Ako se pronalazite u ovim pitanjima ili sli\u010dnim varijacijama, onda je vrijeme da promijenite mikrofon. ProComp servis vam nudi brzu i efikasnu zamjenu mikrofona na va\u0161em ure\u0111aju [&hellip;]<\/p>\n","protected":false},"author":1,"featured_media":4838,"parent":0,"menu_order":0,"comment_status":"closed","ping_status":"closed","template":"","meta":{"footnotes":""},"class_list":["post-4808","page","type-page","status-publish","has-post-thumbnail","hentry"],"yoast_head":"<!-- This site is optimized with the Yoast SEO plugin v27.4 - https:\/\/yoast.com\/product\/yoast-seo-wordpress\/ -->\n<title>Mikrofon u kvaru- zamjena u na\u0161em servisu - ProComp Blog<\/title>\n<meta name=\"description\" content=\"Ako imate Xiaomi, Huawei, Ulefone, Prestigio, Iphone, Samsung, Lenovo, Nokia, Vivax, Oukitel i pokvaren mikrofon, zamjena je rje\u0161enje.\" \/>\n<meta name=\"robots\" content=\"index, follow, max-snippet:-1, max-image-preview:large, max-video-preview:-1\" \/>\n<link rel=\"canonical\" href=\"https:\/\/procomp.ba\/blog\/mikrofon-u-kvaru-zamjena-u-nasem-servisu-procomp\/\" \/>\n<meta property=\"og:locale\" content=\"bs_BA\" \/>\n<meta property=\"og:type\" content=\"article\" \/>\n<meta property=\"og:title\" content=\"Mikrofon u kvaru- zamjena u na\u0161em servisu - ProComp Blog\" \/>\n<meta property=\"og:description\" content=\"Ako imate Xiaomi, Huawei, Ulefone, Prestigio, Iphone, Samsung, Lenovo, Nokia, Vivax, Oukitel i pokvaren mikrofon, zamjena je rje\u0161enje.\" \/>\n<meta property=\"og:url\" content=\"https:\/\/procomp.ba\/blog\/mikrofon-u-kvaru-zamjena-u-nasem-servisu-procomp\/\" \/>\n<meta property=\"og:site_name\" content=\"ProComp Blog\" \/>\n<meta property=\"article:publisher\" content=\"https:\/\/www.facebook.com\/procomp.ba\/\" \/>\n<meta property=\"article:modified_time\" content=\"2020-01-21T21:32:09+00:00\" \/>\n<meta property=\"og:image\" content=\"https:\/\/procomp.ba\/blog\/wp-content\/uploads\/2020\/01\/mobitel-mikrofon-1-2.jpg\" \/>\n\t<meta property=\"og:image:width\" content=\"1200\" \/>\n\t<meta property=\"og:image:height\" content=\"800\" \/>\n\t<meta property=\"og:image:type\" content=\"image\/jpeg\" \/>\n<meta name=\"twitter:card\" content=\"summary_large_image\" \/>\n<meta name=\"twitter:label1\" content=\"Est. reading time\" \/>\n\t<meta name=\"twitter:data1\" content=\"2 minute\" \/>\n<script type=\"application\/ld+json\" class=\"yoast-schema-graph\">{\"@context\":\"https:\\\/\\\/schema.org\",\"@graph\":[{\"@type\":\"WebPage\",\"@id\":\"https:\\\/\\\/procomp.ba\\\/blog\\\/mikrofon-u-kvaru-zamjena-u-nasem-servisu-procomp\\\/\",\"url\":\"https:\\\/\\\/procomp.ba\\\/blog\\\/mikrofon-u-kvaru-zamjena-u-nasem-servisu-procomp\\\/\",\"name\":\"Mikrofon u kvaru- zamjena u na\u0161em servisu - ProComp Blog\",\"isPartOf\":{\"@id\":\"https:\\\/\\\/procomp.ba\\\/blog\\\/#website\"},\"primaryImageOfPage\":{\"@id\":\"https:\\\/\\\/procomp.ba\\\/blog\\\/mikrofon-u-kvaru-zamjena-u-nasem-servisu-procomp\\\/#primaryimage\"},\"image\":{\"@id\":\"https:\\\/\\\/procomp.ba\\\/blog\\\/mikrofon-u-kvaru-zamjena-u-nasem-servisu-procomp\\\/#primaryimage\"},\"thumbnailUrl\":\"https:\\\/\\\/procomp.ba\\\/blog\\\/wp-content\\\/uploads\\\/2020\\\/01\\\/mobitel-mikrofon-1-2.jpg\",\"datePublished\":\"2020-01-16T14:26:55+00:00\",\"dateModified\":\"2020-01-21T21:32:09+00:00\",\"description\":\"Ako imate Xiaomi, Huawei, Ulefone, Prestigio, Iphone, Samsung, Lenovo, Nokia, Vivax, Oukitel i pokvaren mikrofon, zamjena je rje\u0161enje.\",\"breadcrumb\":{\"@id\":\"https:\\\/\\\/procomp.ba\\\/blog\\\/mikrofon-u-kvaru-zamjena-u-nasem-servisu-procomp\\\/#breadcrumb\"},\"inLanguage\":\"bs-BA\",\"potentialAction\":[{\"@type\":\"ReadAction\",\"target\":[\"https:\\\/\\\/procomp.ba\\\/blog\\\/mikrofon-u-kvaru-zamjena-u-nasem-servisu-procomp\\\/\"]}]},{\"@type\":\"ImageObject\",\"inLanguage\":\"bs-BA\",\"@id\":\"https:\\\/\\\/procomp.ba\\\/blog\\\/mikrofon-u-kvaru-zamjena-u-nasem-servisu-procomp\\\/#primaryimage\",\"url\":\"https:\\\/\\\/procomp.ba\\\/blog\\\/wp-content\\\/uploads\\\/2020\\\/01\\\/mobitel-mikrofon-1-2.jpg\",\"contentUrl\":\"https:\\\/\\\/procomp.ba\\\/blog\\\/wp-content\\\/uploads\\\/2020\\\/01\\\/mobitel-mikrofon-1-2.jpg\",\"width\":1200,\"height\":800},{\"@type\":\"BreadcrumbList\",\"@id\":\"https:\\\/\\\/procomp.ba\\\/blog\\\/mikrofon-u-kvaru-zamjena-u-nasem-servisu-procomp\\\/#breadcrumb\",\"itemListElement\":[{\"@type\":\"ListItem\",\"position\":1,\"name\":\"Home\",\"item\":\"https:\\\/\\\/procomp.ba\\\/blog\\\/\"},{\"@type\":\"ListItem\",\"position\":2,\"name\":\"Mikrofon u kvaru- zamjena u na\u0161em servisu\"}]},{\"@type\":\"WebSite\",\"@id\":\"https:\\\/\\\/procomp.ba\\\/blog\\\/#website\",\"url\":\"https:\\\/\\\/procomp.ba\\\/blog\\\/\",\"name\":\"ProComp d.o.o. - va\u0161 centar za tehniku\",\"description\":\"ProComp Blog\",\"publisher\":{\"@id\":\"https:\\\/\\\/procomp.ba\\\/blog\\\/#organization\"},\"potentialAction\":[{\"@type\":\"SearchAction\",\"target\":{\"@type\":\"EntryPoint\",\"urlTemplate\":\"https:\\\/\\\/procomp.ba\\\/blog\\\/?s={search_term_string}\"},\"query-input\":{\"@type\":\"PropertyValueSpecification\",\"valueRequired\":true,\"valueName\":\"search_term_string\"}}],\"inLanguage\":\"bs-BA\"},{\"@type\":\"Organization\",\"@id\":\"https:\\\/\\\/procomp.ba\\\/blog\\\/#organization\",\"name\":\"ProComp\",\"url\":\"https:\\\/\\\/procomp.ba\\\/blog\\\/\",\"logo\":{\"@type\":\"ImageObject\",\"inLanguage\":\"bs-BA\",\"@id\":\"https:\\\/\\\/procomp.ba\\\/blog\\\/#\\\/schema\\\/logo\\\/image\\\/\",\"url\":\"https:\\\/\\\/procomp.ba\\\/blog\\\/wp-content\\\/uploads\\\/2018\\\/08\\\/logo-blog-transparent.png\",\"contentUrl\":\"https:\\\/\\\/procomp.ba\\\/blog\\\/wp-content\\\/uploads\\\/2018\\\/08\\\/logo-blog-transparent.png\",\"width\":544,\"height\":180,\"caption\":\"ProComp\"},\"image\":{\"@id\":\"https:\\\/\\\/procomp.ba\\\/blog\\\/#\\\/schema\\\/logo\\\/image\\\/\"},\"sameAs\":[\"https:\\\/\\\/www.facebook.com\\\/procomp.ba\\\/\"]}]}<\/script>\n<!-- \/ Yoast SEO plugin. -->","yoast_head_json":{"title":"Mikrofon u kvaru- zamjena u na\u0161em servisu - ProComp Blog","description":"Ako imate Xiaomi, Huawei, Ulefone, Prestigio, Iphone, Samsung, Lenovo, Nokia, Vivax, Oukitel i pokvaren mikrofon, zamjena je rje\u0161enje.","robots":{"index":"index","follow":"follow","max-snippet":"max-snippet:-1","max-image-preview":"max-image-preview:large","max-video-preview":"max-video-preview:-1"},"canonical":"https:\/\/procomp.ba\/blog\/mikrofon-u-kvaru-zamjena-u-nasem-servisu-procomp\/","og_locale":"bs_BA","og_type":"article","og_title":"Mikrofon u kvaru- zamjena u na\u0161em servisu - ProComp Blog","og_description":"Ako imate Xiaomi, Huawei, Ulefone, Prestigio, Iphone, Samsung, Lenovo, Nokia, Vivax, Oukitel i pokvaren mikrofon, zamjena je rje\u0161enje.","og_url":"https:\/\/procomp.ba\/blog\/mikrofon-u-kvaru-zamjena-u-nasem-servisu-procomp\/","og_site_name":"ProComp Blog","article_publisher":"https:\/\/www.facebook.com\/procomp.ba\/","article_modified_time":"2020-01-21T21:32:09+00:00","og_image":[{"width":1200,"height":800,"url":"https:\/\/procomp.ba\/blog\/wp-content\/uploads\/2020\/01\/mobitel-mikrofon-1-2.jpg","type":"image\/jpeg"}],"twitter_card":"summary_large_image","twitter_misc":{"Est. reading time":"2 minute"},"schema":{"@context":"https:\/\/schema.org","@graph":[{"@type":"WebPage","@id":"https:\/\/procomp.ba\/blog\/mikrofon-u-kvaru-zamjena-u-nasem-servisu-procomp\/","url":"https:\/\/procomp.ba\/blog\/mikrofon-u-kvaru-zamjena-u-nasem-servisu-procomp\/","name":"Mikrofon u kvaru- zamjena u na\u0161em servisu - ProComp Blog","isPartOf":{"@id":"https:\/\/procomp.ba\/blog\/#website"},"primaryImageOfPage":{"@id":"https:\/\/procomp.ba\/blog\/mikrofon-u-kvaru-zamjena-u-nasem-servisu-procomp\/#primaryimage"},"image":{"@id":"https:\/\/procomp.ba\/blog\/mikrofon-u-kvaru-zamjena-u-nasem-servisu-procomp\/#primaryimage"},"thumbnailUrl":"https:\/\/procomp.ba\/blog\/wp-content\/uploads\/2020\/01\/mobitel-mikrofon-1-2.jpg","datePublished":"2020-01-16T14:26:55+00:00","dateModified":"2020-01-21T21:32:09+00:00","description":"Ako imate Xiaomi, Huawei, Ulefone, Prestigio, Iphone, Samsung, Lenovo, Nokia, Vivax, Oukitel i pokvaren mikrofon, zamjena je rje\u0161enje.","breadcrumb":{"@id":"https:\/\/procomp.ba\/blog\/mikrofon-u-kvaru-zamjena-u-nasem-servisu-procomp\/#breadcrumb"},"inLanguage":"bs-BA","potentialAction":[{"@type":"ReadAction","target":["https:\/\/procomp.ba\/blog\/mikrofon-u-kvaru-zamjena-u-nasem-servisu-procomp\/"]}]},{"@type":"ImageObject","inLanguage":"bs-BA","@id":"https:\/\/procomp.ba\/blog\/mikrofon-u-kvaru-zamjena-u-nasem-servisu-procomp\/#primaryimage","url":"https:\/\/procomp.ba\/blog\/wp-content\/uploads\/2020\/01\/mobitel-mikrofon-1-2.jpg","contentUrl":"https:\/\/procomp.ba\/blog\/wp-content\/uploads\/2020\/01\/mobitel-mikrofon-1-2.jpg","width":1200,"height":800},{"@type":"BreadcrumbList","@id":"https:\/\/procomp.ba\/blog\/mikrofon-u-kvaru-zamjena-u-nasem-servisu-procomp\/#breadcrumb","itemListElement":[{"@type":"ListItem","position":1,"name":"Home","item":"https:\/\/procomp.ba\/blog\/"},{"@type":"ListItem","position":2,"name":"Mikrofon u kvaru- zamjena u na\u0161em servisu"}]},{"@type":"WebSite","@id":"https:\/\/procomp.ba\/blog\/#website","url":"https:\/\/procomp.ba\/blog\/","name":"ProComp d.o.o. - va\u0161 centar za tehniku","description":"ProComp Blog","publisher":{"@id":"https:\/\/procomp.ba\/blog\/#organization"},"potentialAction":[{"@type":"SearchAction","target":{"@type":"EntryPoint","urlTemplate":"https:\/\/procomp.ba\/blog\/?s={search_term_string}"},"query-input":{"@type":"PropertyValueSpecification","valueRequired":true,"valueName":"search_term_string"}}],"inLanguage":"bs-BA"},{"@type":"Organization","@id":"https:\/\/procomp.ba\/blog\/#organization","name":"ProComp","url":"https:\/\/procomp.ba\/blog\/","logo":{"@type":"ImageObject","inLanguage":"bs-BA","@id":"https:\/\/procomp.ba\/blog\/#\/schema\/logo\/image\/","url":"https:\/\/procomp.ba\/blog\/wp-content\/uploads\/2018\/08\/logo-blog-transparent.png","contentUrl":"https:\/\/procomp.ba\/blog\/wp-content\/uploads\/2018\/08\/logo-blog-transparent.png","width":544,"height":180,"caption":"ProComp"},"image":{"@id":"https:\/\/procomp.ba\/blog\/#\/schema\/logo\/image\/"},"sameAs":["https:\/\/www.facebook.com\/procomp.ba\/"]}]}},"_links":{"self":[{"href":"https:\/\/procomp.ba\/blog\/wp-json\/wp\/v2\/pages\/4808","targetHints":{"allow":["GET"]}}],"collection":[{"href":"https:\/\/procomp.ba\/blog\/wp-json\/wp\/v2\/pages"}],"about":[{"href":"https:\/\/procomp.ba\/blog\/wp-json\/wp\/v2\/types\/page"}],"author":[{"embeddable":true,"href":"https:\/\/procomp.ba\/blog\/wp-json\/wp\/v2\/users\/1"}],"replies":[{"embeddable":true,"href":"https:\/\/procomp.ba\/blog\/wp-json\/wp\/v2\/comments?post=4808"}],"version-history":[{"count":7,"href":"https:\/\/procomp.ba\/blog\/wp-json\/wp\/v2\/pages\/4808\/revisions"}],"predecessor-version":[{"id":4992,"href":"https:\/\/procomp.ba\/blog\/wp-json\/wp\/v2\/pages\/4808\/revisions\/4992"}],"wp:featuredmedia":[{"embeddable":true,"href":"https:\/\/procomp.ba\/blog\/wp-json\/wp\/v2\/media\/4838"}],"wp:attachment":[{"href":"https:\/\/procomp.ba\/blog\/wp-json\/wp\/v2\/media?parent=4808"}],"curies":[{"name":"wp","href":"https:\/\/api.w.org\/{rel}","templated":true}]}}