{"id":4814,"date":"2020-01-16T16:21:01","date_gmt":"2020-01-16T15:21:01","guid":{"rendered":"https:\/\/procomp.ba\/blog\/?page_id=4814"},"modified":"2020-01-21T22:33:28","modified_gmt":"2020-01-21T21:33:28","slug":"kamera-vam-je-pokvarena-dodjite-u-nas-servis","status":"publish","type":"page","link":"https:\/\/procomp.ba\/blog\/kamera-vam-je-pokvarena-dodjite-u-nas-servis\/","title":{"rendered":"Kamera vam je pokvarena? &#8211; do\u0111ite u na\u0161 servis"},"content":{"rendered":"\n<figure class=\"wp-block-image size-large\"><img loading=\"lazy\" decoding=\"async\" width=\"1024\" height=\"683\" src=\"https:\/\/procomp.ba\/blog\/wp-content\/uploads\/2020\/01\/mobitel-kamera-1-2-1024x683.jpg\" alt=\"\" class=\"wp-image-4945\" srcset=\"https:\/\/procomp.ba\/blog\/wp-content\/uploads\/2020\/01\/mobitel-kamera-1-2-1024x683.jpg 1024w, https:\/\/procomp.ba\/blog\/wp-content\/uploads\/2020\/01\/mobitel-kamera-1-2-300x200.jpg 300w, https:\/\/procomp.ba\/blog\/wp-content\/uploads\/2020\/01\/mobitel-kamera-1-2-768x512.jpg 768w, https:\/\/procomp.ba\/blog\/wp-content\/uploads\/2020\/01\/mobitel-kamera-1-2-696x464.jpg 696w, https:\/\/procomp.ba\/blog\/wp-content\/uploads\/2020\/01\/mobitel-kamera-1-2-1068x712.jpg 1068w, https:\/\/procomp.ba\/blog\/wp-content\/uploads\/2020\/01\/mobitel-kamera-1-2-630x420.jpg 630w, https:\/\/procomp.ba\/blog\/wp-content\/uploads\/2020\/01\/mobitel-kamera-1-2.jpg 1200w\" sizes=\"auto, (max-width: 1024px) 100vw, 1024px\" \/><\/figure>\n\n\n\n<p>Ukoliko volite da slikate svojim telefon, pokvarena kamera vam mo\u017ee biti prava neugodnost. Ako vam je kamera u kvaru, onda propu\u0161tate da sa\u010duvate sve one divne trenutke. Iz tog razloga, na\u0161 servis  vr\u0161i usluge mijenjanja kamera na mobilnom telefonu. Ako nije potrebno mijenjati kameru, onda mijenamo samo staklo kamere. ProComp servis daje pristupa\u010dne cijene za zamjenu kamere. Me\u0111utim, pristupa\u010dna cijena ne ugro\u017eava kvalitet, koji je vrhunski. <\/p>\n\n\n\n<p>ProComp servis mobitela koristi samo originalne dijelove prilikom popravke va\u0161eg telefona. Na va\u0161em telefonu raditi \u0107e serviseri sa dugodi\u0161njim iskustvom u rje\u0161avanju problema sa raznim telefonima. Bez obzira o kojem brendu je rije\u010di bilo da je  <strong>Xiaomi, Huawei, Ulefone, Prestigio, Iphone, Samsung, Lenovo, Nokia, Vivax, Oukitel<\/strong>, mi vam mo\u017eemo pomo\u0107i. <\/p>\n\n\n\n<figure class=\"wp-block-image size-large\"><img loading=\"lazy\" decoding=\"async\" width=\"768\" height=\"1024\" src=\"https:\/\/procomp.ba\/blog\/wp-content\/uploads\/2020\/01\/1071631-bf1941d95433cb54e8b15dfbbd2680b8.jpg\" alt=\"\" class=\"wp-image-4816\" srcset=\"https:\/\/procomp.ba\/blog\/wp-content\/uploads\/2020\/01\/1071631-bf1941d95433cb54e8b15dfbbd2680b8.jpg 768w, https:\/\/procomp.ba\/blog\/wp-content\/uploads\/2020\/01\/1071631-bf1941d95433cb54e8b15dfbbd2680b8-225x300.jpg 225w, https:\/\/procomp.ba\/blog\/wp-content\/uploads\/2020\/01\/1071631-bf1941d95433cb54e8b15dfbbd2680b8-696x928.jpg 696w, https:\/\/procomp.ba\/blog\/wp-content\/uploads\/2020\/01\/1071631-bf1941d95433cb54e8b15dfbbd2680b8-315x420.jpg 315w\" sizes=\"auto, (max-width: 768px) 100vw, 768px\" \/><figcaption>Pokvarena kamera se mo\u017ee lahko zamijeniti u na\u0161em servisu.<\/figcaption><\/figure>\n\n\n\n<p>Za\u0161to je vama ovo bitno? Zo zna\u010di da mo\u017eete bez brige ostaviti svoj mobilni telefon poverili jer je kod pravih ljudi koji \u0107e u\u010diniti da&nbsp;<strong>zamjena kamere na mobilnom telefonu&nbsp;<\/strong>bude ura\u0111ena brzo i stru\u010dno. <\/p>\n\n\n\n<p>Proces zamjene kamere nije uop\u0161te komplikovan. Nakon \u0161to donesete telefon li\u010dno u ProComp servis, ve\u0107 nakon par sati mo\u017eete ga preuzeti i koristiti.  <\/p>\n\n\n\n<h3 class=\"wp-block-heading\">Originalna kamera je jedina dovoljno dobra<\/h3>\n\n\n\n<p>Kvar na kameri se naj\u010de\u0161\u0107e rje\u0161ava zamjenom kamere. Ovo je proces koji se relativno brzo zavr\u0161ava. Va\u0161e je samo da donesete u mobitel u <strong>ProComp<\/strong> servis.  <\/p>\n\n\n\n<p>Na\u0161e ljubazno osoblje \u0107e preuzeti telefon i rije\u0161iti problem u rekordnom vremenu.  <\/p>\n\n\n\n<p><strong>Servisiranje telefona<\/strong>&nbsp;se obavlja samo sa originalnim dijelovima proizvo\u0111a\u010da. <strong>Originalni dijelovi<\/strong> vam osiguravaju kvalitet i du\u017ee trajanje va\u0161eg zamjenskog dijela.  <\/p>\n\n\n\n<p>Samim time originalni dijelovi su prilago\u0111eni samom ure\u0111aju i to spre\u010dava dodatne kvarove. Neoriginalni dijelovi mogu dovesti do \u010destih kvarova zbog nekoompatibilnosti.  Zbog originalnih dijelova, mi vam dajemo garanciju. <\/p>\n\n\n\n<p>Ako se odlu\u010dite na zamjenu kamere u na\u0161em <strong>ProComp<\/strong> servisu, imate garanciju na izvr\u0161enu zamjenu. Zamjena \u0107e biti izvr\u0161ena od sposobnih servisera. Garancija traje 12 mjeseci na zamijenjeni dio.  <\/p>\n\n\n\n<p><strong>Cijene<\/strong> na\u0161ih usluga \u0107ete dobiti od na\u0161ih servisera. Trudimo se da i cjenovno budete zadovoljni. Nakon obavljene popravke, biti \u0107ete pozvani da preuzmete svoj telefon.  Do\u0111ite posjetite nas i uvjerite se u kvalitet na\u0161ih usluga. <\/p>\n\n\n\n<div class=\"wp-block-image\"><figure class=\"aligncenter size-large\"><img loading=\"lazy\" decoding=\"async\" width=\"700\" height=\"200\" src=\"https:\/\/procomp.ba\/blog\/wp-content\/uploads\/2020\/01\/rezervisite-termin-9.jpg\" alt=\"servis mobitela\" class=\"wp-image-4982\" srcset=\"https:\/\/procomp.ba\/blog\/wp-content\/uploads\/2020\/01\/rezervisite-termin-9.jpg 700w, https:\/\/procomp.ba\/blog\/wp-content\/uploads\/2020\/01\/rezervisite-termin-9-300x86.jpg 300w, https:\/\/procomp.ba\/blog\/wp-content\/uploads\/2020\/01\/rezervisite-termin-9-696x200.jpg 696w\" sizes=\"auto, (max-width: 700px) 100vw, 700px\" \/><\/figure><\/div>\n","protected":false},"excerpt":{"rendered":"<p>Ukoliko volite da slikate svojim telefon, pokvarena kamera vam mo\u017ee biti prava neugodnost. Ako vam je kamera u kvaru, onda propu\u0161tate da sa\u010duvate sve one divne trenutke. Iz tog razloga, na\u0161 servis vr\u0161i usluge mijenjanja kamera na mobilnom telefonu. Ako nije potrebno mijenjati kameru, onda mijenamo samo staklo kamere. ProComp servis daje pristupa\u010dne cijene za [&hellip;]<\/p>\n","protected":false},"author":1,"featured_media":4836,"parent":0,"menu_order":0,"comment_status":"closed","ping_status":"closed","template":"","meta":{"footnotes":""},"class_list":["post-4814","page","type-page","status-publish","has-post-thumbnail","hentry"],"yoast_head":"<!-- This site is optimized with the Yoast SEO plugin v27.4 - https:\/\/yoast.com\/product\/yoast-seo-wordpress\/ -->\n<title>Kamera vam je pokvarena? - do\u0111ite u na\u0161 servis - ProComp Blog<\/title>\n<meta name=\"description\" content=\"Ako vam je kamera u kvaru, onda propu\u0161tate slikanje svih divnih trenutaka. Iz tog razloga, na\u0161 servis vr\u0161i usluge mijenjanja kamera na mobilnom telefonu.\" \/>\n<meta name=\"robots\" content=\"index, follow, max-snippet:-1, max-image-preview:large, max-video-preview:-1\" \/>\n<link rel=\"canonical\" href=\"https:\/\/procomp.ba\/blog\/kamera-vam-je-pokvarena-dodjite-u-nas-servis\/\" \/>\n<meta property=\"og:locale\" content=\"bs_BA\" \/>\n<meta property=\"og:type\" content=\"article\" \/>\n<meta property=\"og:title\" content=\"Kamera vam je pokvarena? - do\u0111ite u na\u0161 servis - ProComp Blog\" \/>\n<meta property=\"og:description\" content=\"Ako vam je kamera u kvaru, onda propu\u0161tate slikanje svih divnih trenutaka. Iz tog razloga, na\u0161 servis vr\u0161i usluge mijenjanja kamera na mobilnom telefonu.\" \/>\n<meta property=\"og:url\" content=\"https:\/\/procomp.ba\/blog\/kamera-vam-je-pokvarena-dodjite-u-nas-servis\/\" \/>\n<meta property=\"og:site_name\" content=\"ProComp Blog\" \/>\n<meta property=\"article:publisher\" content=\"https:\/\/www.facebook.com\/procomp.ba\/\" \/>\n<meta property=\"article:modified_time\" content=\"2020-01-21T21:33:28+00:00\" \/>\n<meta property=\"og:image\" content=\"https:\/\/procomp.ba\/blog\/wp-content\/uploads\/2020\/01\/mobitel-kamera-1-1.jpg\" \/>\n\t<meta property=\"og:image:width\" content=\"1200\" \/>\n\t<meta property=\"og:image:height\" content=\"800\" \/>\n\t<meta property=\"og:image:type\" content=\"image\/jpeg\" \/>\n<meta name=\"twitter:card\" content=\"summary_large_image\" \/>\n<meta name=\"twitter:label1\" content=\"Est. reading time\" \/>\n\t<meta name=\"twitter:data1\" content=\"2 minute\" \/>\n<script type=\"application\/ld+json\" class=\"yoast-schema-graph\">{\"@context\":\"https:\\\/\\\/schema.org\",\"@graph\":[{\"@type\":\"WebPage\",\"@id\":\"https:\\\/\\\/procomp.ba\\\/blog\\\/kamera-vam-je-pokvarena-dodjite-u-nas-servis\\\/\",\"url\":\"https:\\\/\\\/procomp.ba\\\/blog\\\/kamera-vam-je-pokvarena-dodjite-u-nas-servis\\\/\",\"name\":\"Kamera vam je pokvarena? - do\u0111ite u na\u0161 servis - ProComp Blog\",\"isPartOf\":{\"@id\":\"https:\\\/\\\/procomp.ba\\\/blog\\\/#website\"},\"primaryImageOfPage\":{\"@id\":\"https:\\\/\\\/procomp.ba\\\/blog\\\/kamera-vam-je-pokvarena-dodjite-u-nas-servis\\\/#primaryimage\"},\"image\":{\"@id\":\"https:\\\/\\\/procomp.ba\\\/blog\\\/kamera-vam-je-pokvarena-dodjite-u-nas-servis\\\/#primaryimage\"},\"thumbnailUrl\":\"https:\\\/\\\/procomp.ba\\\/blog\\\/wp-content\\\/uploads\\\/2020\\\/01\\\/mobitel-kamera-1-1.jpg\",\"datePublished\":\"2020-01-16T15:21:01+00:00\",\"dateModified\":\"2020-01-21T21:33:28+00:00\",\"description\":\"Ako vam je kamera u kvaru, onda propu\u0161tate slikanje svih divnih trenutaka. Iz tog razloga, na\u0161 servis vr\u0161i usluge mijenjanja kamera na mobilnom telefonu.\",\"breadcrumb\":{\"@id\":\"https:\\\/\\\/procomp.ba\\\/blog\\\/kamera-vam-je-pokvarena-dodjite-u-nas-servis\\\/#breadcrumb\"},\"inLanguage\":\"bs-BA\",\"potentialAction\":[{\"@type\":\"ReadAction\",\"target\":[\"https:\\\/\\\/procomp.ba\\\/blog\\\/kamera-vam-je-pokvarena-dodjite-u-nas-servis\\\/\"]}]},{\"@type\":\"ImageObject\",\"inLanguage\":\"bs-BA\",\"@id\":\"https:\\\/\\\/procomp.ba\\\/blog\\\/kamera-vam-je-pokvarena-dodjite-u-nas-servis\\\/#primaryimage\",\"url\":\"https:\\\/\\\/procomp.ba\\\/blog\\\/wp-content\\\/uploads\\\/2020\\\/01\\\/mobitel-kamera-1-1.jpg\",\"contentUrl\":\"https:\\\/\\\/procomp.ba\\\/blog\\\/wp-content\\\/uploads\\\/2020\\\/01\\\/mobitel-kamera-1-1.jpg\",\"width\":1200,\"height\":800,\"caption\":\"servis mobitela\"},{\"@type\":\"BreadcrumbList\",\"@id\":\"https:\\\/\\\/procomp.ba\\\/blog\\\/kamera-vam-je-pokvarena-dodjite-u-nas-servis\\\/#breadcrumb\",\"itemListElement\":[{\"@type\":\"ListItem\",\"position\":1,\"name\":\"Home\",\"item\":\"https:\\\/\\\/procomp.ba\\\/blog\\\/\"},{\"@type\":\"ListItem\",\"position\":2,\"name\":\"Kamera vam je pokvarena? &#8211; do\u0111ite u na\u0161 servis\"}]},{\"@type\":\"WebSite\",\"@id\":\"https:\\\/\\\/procomp.ba\\\/blog\\\/#website\",\"url\":\"https:\\\/\\\/procomp.ba\\\/blog\\\/\",\"name\":\"ProComp d.o.o. - va\u0161 centar za tehniku\",\"description\":\"ProComp Blog\",\"publisher\":{\"@id\":\"https:\\\/\\\/procomp.ba\\\/blog\\\/#organization\"},\"potentialAction\":[{\"@type\":\"SearchAction\",\"target\":{\"@type\":\"EntryPoint\",\"urlTemplate\":\"https:\\\/\\\/procomp.ba\\\/blog\\\/?s={search_term_string}\"},\"query-input\":{\"@type\":\"PropertyValueSpecification\",\"valueRequired\":true,\"valueName\":\"search_term_string\"}}],\"inLanguage\":\"bs-BA\"},{\"@type\":\"Organization\",\"@id\":\"https:\\\/\\\/procomp.ba\\\/blog\\\/#organization\",\"name\":\"ProComp\",\"url\":\"https:\\\/\\\/procomp.ba\\\/blog\\\/\",\"logo\":{\"@type\":\"ImageObject\",\"inLanguage\":\"bs-BA\",\"@id\":\"https:\\\/\\\/procomp.ba\\\/blog\\\/#\\\/schema\\\/logo\\\/image\\\/\",\"url\":\"https:\\\/\\\/procomp.ba\\\/blog\\\/wp-content\\\/uploads\\\/2018\\\/08\\\/logo-blog-transparent.png\",\"contentUrl\":\"https:\\\/\\\/procomp.ba\\\/blog\\\/wp-content\\\/uploads\\\/2018\\\/08\\\/logo-blog-transparent.png\",\"width\":544,\"height\":180,\"caption\":\"ProComp\"},\"image\":{\"@id\":\"https:\\\/\\\/procomp.ba\\\/blog\\\/#\\\/schema\\\/logo\\\/image\\\/\"},\"sameAs\":[\"https:\\\/\\\/www.facebook.com\\\/procomp.ba\\\/\"]}]}<\/script>\n<!-- \/ Yoast SEO plugin. -->","yoast_head_json":{"title":"Kamera vam je pokvarena? - do\u0111ite u na\u0161 servis - ProComp Blog","description":"Ako vam je kamera u kvaru, onda propu\u0161tate slikanje svih divnih trenutaka. Iz tog razloga, na\u0161 servis vr\u0161i usluge mijenjanja kamera na mobilnom telefonu.","robots":{"index":"index","follow":"follow","max-snippet":"max-snippet:-1","max-image-preview":"max-image-preview:large","max-video-preview":"max-video-preview:-1"},"canonical":"https:\/\/procomp.ba\/blog\/kamera-vam-je-pokvarena-dodjite-u-nas-servis\/","og_locale":"bs_BA","og_type":"article","og_title":"Kamera vam je pokvarena? - do\u0111ite u na\u0161 servis - ProComp Blog","og_description":"Ako vam je kamera u kvaru, onda propu\u0161tate slikanje svih divnih trenutaka. Iz tog razloga, na\u0161 servis vr\u0161i usluge mijenjanja kamera na mobilnom telefonu.","og_url":"https:\/\/procomp.ba\/blog\/kamera-vam-je-pokvarena-dodjite-u-nas-servis\/","og_site_name":"ProComp Blog","article_publisher":"https:\/\/www.facebook.com\/procomp.ba\/","article_modified_time":"2020-01-21T21:33:28+00:00","og_image":[{"width":1200,"height":800,"url":"https:\/\/procomp.ba\/blog\/wp-content\/uploads\/2020\/01\/mobitel-kamera-1-1.jpg","type":"image\/jpeg"}],"twitter_card":"summary_large_image","twitter_misc":{"Est. reading time":"2 minute"},"schema":{"@context":"https:\/\/schema.org","@graph":[{"@type":"WebPage","@id":"https:\/\/procomp.ba\/blog\/kamera-vam-je-pokvarena-dodjite-u-nas-servis\/","url":"https:\/\/procomp.ba\/blog\/kamera-vam-je-pokvarena-dodjite-u-nas-servis\/","name":"Kamera vam je pokvarena? - do\u0111ite u na\u0161 servis - ProComp Blog","isPartOf":{"@id":"https:\/\/procomp.ba\/blog\/#website"},"primaryImageOfPage":{"@id":"https:\/\/procomp.ba\/blog\/kamera-vam-je-pokvarena-dodjite-u-nas-servis\/#primaryimage"},"image":{"@id":"https:\/\/procomp.ba\/blog\/kamera-vam-je-pokvarena-dodjite-u-nas-servis\/#primaryimage"},"thumbnailUrl":"https:\/\/procomp.ba\/blog\/wp-content\/uploads\/2020\/01\/mobitel-kamera-1-1.jpg","datePublished":"2020-01-16T15:21:01+00:00","dateModified":"2020-01-21T21:33:28+00:00","description":"Ako vam je kamera u kvaru, onda propu\u0161tate slikanje svih divnih trenutaka. Iz tog razloga, na\u0161 servis vr\u0161i usluge mijenjanja kamera na mobilnom telefonu.","breadcrumb":{"@id":"https:\/\/procomp.ba\/blog\/kamera-vam-je-pokvarena-dodjite-u-nas-servis\/#breadcrumb"},"inLanguage":"bs-BA","potentialAction":[{"@type":"ReadAction","target":["https:\/\/procomp.ba\/blog\/kamera-vam-je-pokvarena-dodjite-u-nas-servis\/"]}]},{"@type":"ImageObject","inLanguage":"bs-BA","@id":"https:\/\/procomp.ba\/blog\/kamera-vam-je-pokvarena-dodjite-u-nas-servis\/#primaryimage","url":"https:\/\/procomp.ba\/blog\/wp-content\/uploads\/2020\/01\/mobitel-kamera-1-1.jpg","contentUrl":"https:\/\/procomp.ba\/blog\/wp-content\/uploads\/2020\/01\/mobitel-kamera-1-1.jpg","width":1200,"height":800,"caption":"servis mobitela"},{"@type":"BreadcrumbList","@id":"https:\/\/procomp.ba\/blog\/kamera-vam-je-pokvarena-dodjite-u-nas-servis\/#breadcrumb","itemListElement":[{"@type":"ListItem","position":1,"name":"Home","item":"https:\/\/procomp.ba\/blog\/"},{"@type":"ListItem","position":2,"name":"Kamera vam je pokvarena? &#8211; do\u0111ite u na\u0161 servis"}]},{"@type":"WebSite","@id":"https:\/\/procomp.ba\/blog\/#website","url":"https:\/\/procomp.ba\/blog\/","name":"ProComp d.o.o. - va\u0161 centar za tehniku","description":"ProComp Blog","publisher":{"@id":"https:\/\/procomp.ba\/blog\/#organization"},"potentialAction":[{"@type":"SearchAction","target":{"@type":"EntryPoint","urlTemplate":"https:\/\/procomp.ba\/blog\/?s={search_term_string}"},"query-input":{"@type":"PropertyValueSpecification","valueRequired":true,"valueName":"search_term_string"}}],"inLanguage":"bs-BA"},{"@type":"Organization","@id":"https:\/\/procomp.ba\/blog\/#organization","name":"ProComp","url":"https:\/\/procomp.ba\/blog\/","logo":{"@type":"ImageObject","inLanguage":"bs-BA","@id":"https:\/\/procomp.ba\/blog\/#\/schema\/logo\/image\/","url":"https:\/\/procomp.ba\/blog\/wp-content\/uploads\/2018\/08\/logo-blog-transparent.png","contentUrl":"https:\/\/procomp.ba\/blog\/wp-content\/uploads\/2018\/08\/logo-blog-transparent.png","width":544,"height":180,"caption":"ProComp"},"image":{"@id":"https:\/\/procomp.ba\/blog\/#\/schema\/logo\/image\/"},"sameAs":["https:\/\/www.facebook.com\/procomp.ba\/"]}]}},"_links":{"self":[{"href":"https:\/\/procomp.ba\/blog\/wp-json\/wp\/v2\/pages\/4814","targetHints":{"allow":["GET"]}}],"collection":[{"href":"https:\/\/procomp.ba\/blog\/wp-json\/wp\/v2\/pages"}],"about":[{"href":"https:\/\/procomp.ba\/blog\/wp-json\/wp\/v2\/types\/page"}],"author":[{"embeddable":true,"href":"https:\/\/procomp.ba\/blog\/wp-json\/wp\/v2\/users\/1"}],"replies":[{"embeddable":true,"href":"https:\/\/procomp.ba\/blog\/wp-json\/wp\/v2\/comments?post=4814"}],"version-history":[{"count":5,"href":"https:\/\/procomp.ba\/blog\/wp-json\/wp\/v2\/pages\/4814\/revisions"}],"predecessor-version":[{"id":4994,"href":"https:\/\/procomp.ba\/blog\/wp-json\/wp\/v2\/pages\/4814\/revisions\/4994"}],"wp:featuredmedia":[{"embeddable":true,"href":"https:\/\/procomp.ba\/blog\/wp-json\/wp\/v2\/media\/4836"}],"wp:attachment":[{"href":"https:\/\/procomp.ba\/blog\/wp-json\/wp\/v2\/media?parent=4814"}],"curies":[{"name":"wp","href":"https:\/\/api.w.org\/{rel}","templated":true}]}}